{"id":1184,"date":"2021-07-30T14:13:50","date_gmt":"2021-07-30T17:13:50","guid":{"rendered":"http:\/\/regisbike.com.br\/?post_type=product&#038;p=1184"},"modified":"2022-07-28T13:26:50","modified_gmt":"2022-07-28T16:26:50","slug":"remendo-para-camaras-de-ar-rontek","status":"publish","type":"product","link":"https:\/\/regisbike.com.br\/?product=remendo-para-camaras-de-ar-rontek","title":{"rendered":"REMENDO PARA C\u00c2MARA DE AR RONTEK"},"content":{"rendered":"<p>ESTEJA PREVIDO CONTRA FUROS<\/p>\n<p>Esta cansado de parar sua pedalada por conta de furos na c\u00e2mara de ar?<\/p>\n<p>O Kit Remendo RONTEK para C\u00e2maras de Ar \u00e9 a op\u00e7\u00e3o mais barata e pr\u00e1tica para voc\u00ea levar nas suas pedaladas e fazer o reparo caso tenha a sua c\u00e2mara de ar furada.<\/p>\n","protected":false},"excerpt":{"rendered":"<p>ESTEJA PREVIDO CONTRA FUROS Esta cansado de parar sua pedalada por conta de furos na c\u00e2mara de ar? O Kit Remendo RONTEK para C\u00e2maras de Ar \u00e9 a op\u00e7\u00e3o mais barata e pr\u00e1tica para voc\u00ea levar nas suas pedaladas e fazer o reparo caso tenha a sua c\u00e2mara de ar furada.<\/p>\n","protected":false},"featured_media":1185,"comment_status":"open","ping_status":"closed","template":"","meta":[],"product_cat":[16,54],"product_tag":[],"_links":{"self":[{"href":"https:\/\/regisbike.com.br\/index.php?rest_route=\/wp\/v2\/product\/1184"}],"collection":[{"href":"https:\/\/regisbike.com.br\/index.php?rest_route=\/wp\/v2\/product"}],"about":[{"href":"https:\/\/regisbike.com.br\/index.php?rest_route=\/wp\/v2\/types\/product"}],"replies":[{"embeddable":true,"href":"https:\/\/regisbike.com.br\/index.php?rest_route=%2Fwp%2Fv2%2Fcomments&post=1184"}],"wp:featuredmedia":[{"embeddable":true,"href":"https:\/\/regisbike.com.br\/index.php?rest_route=\/wp\/v2\/media\/1185"}],"wp:attachment":[{"href":"https:\/\/regisbike.com.br\/index.php?rest_route=%2Fwp%2Fv2%2Fmedia&parent=1184"}],"wp:term":[{"taxonomy":"product_cat","embeddable":true,"href":"https:\/\/regisbike.com.br\/index.php?rest_route=%2Fwp%2Fv2%2Fproduct_cat&post=1184"},{"taxonomy":"product_tag","embeddable":true,"href":"https:\/\/regisbike.com.br\/index.php?rest_route=%2Fwp%2Fv2%2Fproduct_tag&post=1184"}],"curies":[{"name":"wp","href":"https:\/\/api.w.org\/{rel}","templated":true}]}}