{"id":1291,"date":"2021-08-19T13:59:10","date_gmt":"2021-08-19T16:59:10","guid":{"rendered":"http:\/\/regisbike.com.br\/?post_type=product&#038;p=1291"},"modified":"2024-03-20T15:40:13","modified_gmt":"2024-03-20T18:40:13","slug":"capacete-uvex-race-9","status":"publish","type":"product","link":"https:\/\/regisbike.com.br\/?product=capacete-uvex-race-9","title":{"rendered":"CAPACETE UVEX RACE 9 PRETO"},"content":{"rendered":"<p style=\"text-align: center\"><strong>CAPACETE UVEX RACE 9\u00a0<\/strong><\/p>\n<h2 class=\"as__h3 uvex__productdetail-description__headline\"><strong style=\"font-size: 16px\">Seguro, leve e extremamente bem ventilado: o novo capacete de ciclismo de estrada uvex race 9 conecta aerodin\u00e2mica especializada com ventila\u00e7\u00e3o e seguran\u00e7a ideais.<\/strong><\/h2>\n<div class=\"uvex__productdetail-description__content uvex__rte\">\n<p>Na busca por um novo melhor momento pessoal, tudo tem que estar certo &#8211; quer voc\u00ea esteja em um passeio depois do trabalho, treinando para a pr\u00f3xima competi\u00e7\u00e3o ou correndo.\u00a0Para os adeptos do ciclismo de estrada que procuram o capacete definitivo e para se sentir bem, a uvex desenvolveu o novo uvex race 9.<\/p>\n<p>Este capacete pronto para corrida combina uma constru\u00e7\u00e3o de molde duplo sem costura com uma gaiola de refor\u00e7o leve.\u00a0Para tornar o capacete ainda mais leve, o material de prote\u00e7\u00e3o EPS \u00e9 espumado diretamente na concha.\u00a0Em um impacto, a gaiola de duas partes integrada mant\u00e9m o capacete unido, para prote\u00e7\u00e3o ainda maior.\u00a0As almofadas do capacete n\u00e3o s\u00e3o gofradas, portanto a umidade n\u00e3o pode se depositar.\u00a0Essa combina\u00e7\u00e3o mant\u00e9m a cabe\u00e7a fria, mesmo nos passeios mais \u00e1rduos.\u00a0Para um ajuste ideal, o capacete \u00e9 ajust\u00e1vel em altura e largura, gra\u00e7as ao sistema de ajuste de meio anel 2k IAS.<\/p>\n<\/div>\n<p>Tamanho 57-60<\/p>\n","protected":false},"excerpt":{"rendered":"<h5>Medindo o per\u00edmetro cef\u00e1lico<\/h5>\n<p class=\"bodytext seen\">Primeiro, a circunfer\u00eancia da cabe\u00e7a precisa ser medida para determinar o tamanho apropriado do capacete.\u00a0Uma fita m\u00e9trica oferece a solu\u00e7\u00e3o mais f\u00e1cil: me\u00e7a a circunfer\u00eancia completa da cabe\u00e7a com a largura de dois dedos acima das sobrancelhas e acima das orelhas.\u00a0Dica: se voc\u00ea n\u00e3o tiver uma fita m\u00e9trica, tamb\u00e9m pode usar um peda\u00e7o de barbante e depois medir com uma r\u00e9gua.<\/p>\n<h5>Ajuste de altura<\/h5>\n<p class=\"bodytext seen\">A altura do sistema uvex IAS 3D tamb\u00e9m pode ser ajustada &#8211; com o fecho de catraca f\u00e1cil de usar: usando dois dedos, identifique a altura apropriada e insira.<\/p>\n<div id=\"c1720\" class=\"as__container uvex__module\">\n<div class=\"as__row\">\n<div class=\"as__col-12 as__col-sm-10 as__mx-auto as__col-md-8\">\n<div class=\"as__row\">\n<div class=\"as__col-12 as__col-sm-6 uvex__grid__content-container\">\n<div id=\"c1719\" class=\"uvex__m10-text\">\n<div class=\"uvex__m10-text__wrapper\">\n<div class=\"uvex__rte\">\n<h5>Divisor Y<\/h5>\n<p class=\"bodytext seen\">O sistema uvex IAS 3D pode ser ajustado para melhorar a posi\u00e7\u00e3o do divisor y.\u00a0Deve caber confortavelmente em torno das orelhas.\u00a0O comprimento da faixa de queixo tamb\u00e9m pode ser ajustado em apenas um passo simples.<\/p>\n<\/div>\n<\/div>\n<\/div>\n<\/div>\n<\/div>\n<\/div>\n<\/div>\n<\/div>\n<div id=\"c1724\" class=\"uvex__m10-text uvex__module\">\n<div class=\"uvex__m10-text__wrapper\">\n<div class=\"as__container\">\n<div class=\"as__row\">\n<div class=\"as__col-12 as__col-sm-10 as__col-md-8 as__mx-auto\">\n<div class=\"uvex__rte\">\n<h5>Posi\u00e7\u00e3o nivelada<\/h5>\n<p class=\"bodytext seen\">Antes de pedalar, voc\u00ea deve sempre se certificar de que a posi\u00e7\u00e3o do capacete est\u00e1 nivelada &#8211; n\u00e3o muito baixo na testa ou no pesco\u00e7o.\u00a0A posi\u00e7\u00e3o ideal \u00e9 a largura de dois dedos acima das sobrancelhas.<\/p>\n<\/div>\n<\/div>\n<\/div>\n<\/div>\n<\/div>\n<\/div>\n<p>&nbsp;<\/p>\n<p>&nbsp;<\/p>\n","protected":false},"featured_media":1296,"comment_status":"open","ping_status":"closed","template":"","meta":[],"product_cat":[64,68],"product_tag":[105,106,103,104],"_links":{"self":[{"href":"https:\/\/regisbike.com.br\/index.php?rest_route=\/wp\/v2\/product\/1291"}],"collection":[{"href":"https:\/\/regisbike.com.br\/index.php?rest_route=\/wp\/v2\/product"}],"about":[{"href":"https:\/\/regisbike.com.br\/index.php?rest_route=\/wp\/v2\/types\/product"}],"replies":[{"embeddable":true,"href":"https:\/\/regisbike.com.br\/index.php?rest_route=%2Fwp%2Fv2%2Fcomments&post=1291"}],"wp:featuredmedia":[{"embeddable":true,"href":"https:\/\/regisbike.com.br\/index.php?rest_route=\/wp\/v2\/media\/1296"}],"wp:attachment":[{"href":"https:\/\/regisbike.com.br\/index.php?rest_route=%2Fwp%2Fv2%2Fmedia&parent=1291"}],"wp:term":[{"taxonomy":"product_cat","embeddable":true,"href":"https:\/\/regisbike.com.br\/index.php?rest_route=%2Fwp%2Fv2%2Fproduct_cat&post=1291"},{"taxonomy":"product_tag","embeddable":true,"href":"https:\/\/regisbike.com.br\/index.php?rest_route=%2Fwp%2Fv2%2Fproduct_tag&post=1291"}],"curies":[{"name":"wp","href":"https:\/\/api.w.org\/{rel}","templated":true}]}}

<p style="text-align: center"><strong>CAPACETE UVEX RACE 9 </strong></p>
<h2 class="as__h3 uvex__productdetail-description__headline"><strong style="font-size: 16px">Seguro, leve e extremamente bem ventilado: o novo capacete de ciclismo de estrada uvex race 9 conecta aerodinâmica especializada com ventilação e segurança ideais.</strong></h2>
<div class="uvex__productdetail-description__content uvex__rte">
<p>Na busca por um novo melhor momento pessoal, tudo tem que estar certo &#8211; quer você esteja em um passeio depois do trabalho, treinando para a próxima competição ou correndo. Para os adeptos do ciclismo de estrada que procuram o capacete definitivo e para se sentir bem, a uvex desenvolveu o novo uvex race 9.</p>
<p>Este capacete pronto para corrida combina uma construção de molde duplo sem costura com uma gaiola de reforço leve. Para tornar o capacete ainda mais leve, o material de proteção EPS é espumado diretamente na concha. Em um impacto, a gaiola de duas partes integrada mantém o capacete unido, para proteção ainda maior. As almofadas do capacete não são gofradas, portanto a umidade não pode se depositar. Essa combinação mantém a cabeça fria, mesmo nos passeios mais árduos. Para um ajuste ideal, o capacete é ajustável em altura e largura, graças ao sistema de ajuste de meio anel 2k IAS.</p>
</div>
<p>Tamanho 57-60</p>

<h5>Medindo o perímetro cefálico</h5>
<p class="bodytext seen">Primeiro, a circunferência da cabeça precisa ser medida para determinar o tamanho apropriado do capacete. Uma fita métrica oferece a solução mais fácil: meça a circunferência completa da cabeça com a largura de dois dedos acima das sobrancelhas e acima das orelhas. Dica: se você não tiver uma fita métrica, também pode usar um pedaço de barbante e depois medir com uma régua.</p>
<h5>Ajuste de altura</h5>
<p class="bodytext seen">A altura do sistema uvex IAS 3D também pode ser ajustada &#8211; com o fecho de catraca fácil de usar: usando dois dedos, identifique a altura apropriada e insira.</p>
<div id="c1720" class="as__container uvex__module">
<div class="as__row">
<div class="as__col-12 as__col-sm-10 as__mx-auto as__col-md-8">
<div class="as__row">
<div class="as__col-12 as__col-sm-6 uvex__grid__content-container">
<div id="c1719" class="uvex__m10-text">
<div class="uvex__m10-text__wrapper">
<div class="uvex__rte">
<h5>Divisor Y</h5>
<p class="bodytext seen">O sistema uvex IAS 3D pode ser ajustado para melhorar a posição do divisor y. Deve caber confortavelmente em torno das orelhas. O comprimento da faixa de queixo também pode ser ajustado em apenas um passo simples.</p>
</div>
</div>
</div>
</div>
</div>
</div>
</div>
</div>
<div id="c1724" class="uvex__m10-text uvex__module">
<div class="uvex__m10-text__wrapper">
<div class="as__container">
<div class="as__row">
<div class="as__col-12 as__col-sm-10 as__col-md-8 as__mx-auto">
<div class="uvex__rte">
<h5>Posição nivelada</h5>
<p class="bodytext seen">Antes de pedalar, você deve sempre se certificar de que a posição do capacete está nivelada &#8211; não muito baixo na testa ou no pescoço. A posição ideal é a largura de dois dedos acima das sobrancelhas.</p>
</div>
</div>
</div>
</div>
</div>
</div>
<p>&nbsp;</p>
<p>&nbsp;</p>
