{"id":1305,"date":"2021-08-19T14:53:18","date_gmt":"2021-08-19T17:53:18","guid":{"rendered":"http:\/\/regisbike.com.br\/?post_type=product&#038;p=1305"},"modified":"2023-07-27T10:41:53","modified_gmt":"2023-07-27T13:41:53","slug":"mesa-uno","status":"publish","type":"product","link":"https:\/\/regisbike.com.br\/?product=mesa-uno","title":{"rendered":"MESA UNO AS025 110MMX7\u00ba 31.8MM PRETO"},"content":{"rendered":"<p style=\"text-align: center\"><strong>MESA UNO AS025 110MMX7\u00ba<\/strong><\/p>\n<p>&#8211; <strong>Mesa Uno para bike fabricada em alum\u00ednio 3D Forged em uma \u00fanica pe\u00e7a.<\/strong><\/p>\n<p>&#8211;<strong> Com alum\u00ednio de rigidez aprimorada.<\/strong><\/p>\n<div><\/div>\n","protected":false},"excerpt":{"rendered":"<p><strong>Marca:<\/strong> Uno;<\/p>\n<p><strong>Modelo:<\/strong> Epic line Ultralite;<\/p>\n<p><strong>Medida: <\/strong>110mm \/ 31.8;<\/p>\n<div><strong>Material:<\/strong> Alum\u00ednio 6061.<\/div>\n","protected":false},"featured_media":1306,"comment_status":"open","ping_status":"closed","template":"","meta":[],"product_cat":[17,30],"product_tag":[],"_links":{"self":[{"href":"https:\/\/regisbike.com.br\/index.php?rest_route=\/wp\/v2\/product\/1305"}],"collection":[{"href":"https:\/\/regisbike.com.br\/index.php?rest_route=\/wp\/v2\/product"}],"about":[{"href":"https:\/\/regisbike.com.br\/index.php?rest_route=\/wp\/v2\/types\/product"}],"replies":[{"embeddable":true,"href":"https:\/\/regisbike.com.br\/index.php?rest_route=%2Fwp%2Fv2%2Fcomments&post=1305"}],"wp:featuredmedia":[{"embeddable":true,"href":"https:\/\/regisbike.com.br\/index.php?rest_route=\/wp\/v2\/media\/1306"}],"wp:attachment":[{"href":"https:\/\/regisbike.com.br\/index.php?rest_route=%2Fwp%2Fv2%2Fmedia&parent=1305"}],"wp:term":[{"taxonomy":"product_cat","embeddable":true,"href":"https:\/\/regisbike.com.br\/index.php?rest_route=%2Fwp%2Fv2%2Fproduct_cat&post=1305"},{"taxonomy":"product_tag","embeddable":true,"href":"https:\/\/regisbike.com.br\/index.php?rest_route=%2Fwp%2Fv2%2Fproduct_tag&post=1305"}],"curies":[{"name":"wp","href":"https:\/\/api.w.org\/{rel}","templated":true}]}}