{"id":1503,"date":"2021-12-29T15:19:26","date_gmt":"2021-12-29T18:19:26","guid":{"rendered":"https:\/\/regisbike.com.br\/?post_type=product&#038;p=1503"},"modified":"2022-02-04T15:08:56","modified_gmt":"2022-02-04T18:08:56","slug":"cambio-shimano-tourney-7v-com-gancheira","status":"publish","type":"product","link":"https:\/\/regisbike.com.br\/?product=cambio-shimano-tourney-7v-com-gancheira","title":{"rendered":"C\u00c2MBIO SHIMANO TOURNEY 7V COM GANCHEIRA"},"content":{"rendered":"<p style=\"text-align: center\"><strong>C\u00c2MBIO SHIMANO TOURNEY 7V COM GANCHEIRA<\/strong><\/p>\n<p>O c\u00e2mbio traseiro RD-TZ31 \u00e9 um produto da s\u00e9rie Tourney e foi desenvolvido com o objetivo de atender as bikes de n\u00edvel b\u00e1sico e intermedi\u00e1rio onde \u00e9 necess\u00e1rio qualidade nas trocas de marcha.<\/p>\n<p>&nbsp;<\/p>\n<p>Este produto possui o sistema do \u00edndice sis e uma gaiola mais longa para que seja compat\u00edvel com at\u00e9 34D, \u00e9 ideal para uso em montanha e rodovias.\u00a0\u00c9 compat\u00edvel com 6\/7v e possui gancheira.<\/p>\n","protected":false},"excerpt":{"rendered":"<p><strong>Marca:\u00a0<\/strong>Shimano;<\/p>\n<p><strong>S\u00e9rie:\u00a0<\/strong>Tourney;<\/p>\n<p><strong>Modelo:\u00a0<\/strong>RD-TZ31 (com gancheira);<\/p>\n<p><strong>Compat\u00edvel:\u00a0<\/strong>34D.<\/p>\n<p>&nbsp;<\/p>\n","protected":false},"featured_media":1515,"comment_status":"open","ping_status":"closed","template":"","meta":[],"product_cat":[17,23],"product_tag":[],"_links":{"self":[{"href":"https:\/\/regisbike.com.br\/index.php?rest_route=\/wp\/v2\/product\/1503"}],"collection":[{"href":"https:\/\/regisbike.com.br\/index.php?rest_route=\/wp\/v2\/product"}],"about":[{"href":"https:\/\/regisbike.com.br\/index.php?rest_route=\/wp\/v2\/types\/product"}],"replies":[{"embeddable":true,"href":"https:\/\/regisbike.com.br\/index.php?rest_route=%2Fwp%2Fv2%2Fcomments&post=1503"}],"wp:featuredmedia":[{"embeddable":true,"href":"https:\/\/regisbike.com.br\/index.php?rest_route=\/wp\/v2\/media\/1515"}],"wp:attachment":[{"href":"https:\/\/regisbike.com.br\/index.php?rest_route=%2Fwp%2Fv2%2Fmedia&parent=1503"}],"wp:term":[{"taxonomy":"product_cat","embeddable":true,"href":"https:\/\/regisbike.com.br\/index.php?rest_route=%2Fwp%2Fv2%2Fproduct_cat&post=1503"},{"taxonomy":"product_tag","embeddable":true,"href":"https:\/\/regisbike.com.br\/index.php?rest_route=%2Fwp%2Fv2%2Fproduct_tag&post=1503"}],"curies":[{"name":"wp","href":"https:\/\/api.w.org\/{rel}","templated":true}]}}