{"id":1625,"date":"2022-01-03T11:09:42","date_gmt":"2022-01-03T14:09:42","guid":{"rendered":"https:\/\/regisbike.com.br\/?post_type=product&#038;p=1625"},"modified":"2022-02-16T16:11:45","modified_gmt":"2022-02-16T19:11:45","slug":"cilindro-do-cabo-regulador-ritchey-para-mudancas","status":"publish","type":"product","link":"https:\/\/regisbike.com.br\/?product=cilindro-do-cabo-regulador-ritchey-para-mudancas","title":{"rendered":"CILINDRO DO CABO REGULADOR RITCHEY PARA MUDAN\u00c7AS"},"content":{"rendered":"<p>O cilindro do cabo regulador Ritchey para mudan\u00e7as \u00e9 ideal para o quadro Ritchey Break-Away ou para qualquer sistema de mudan\u00e7as STI.<\/p>\n","protected":false},"excerpt":{"rendered":"<p><strong>Marca:\u00a0<\/strong>Ritchey;<\/p>\n<p><strong>Compat\u00edvel com STI.<\/strong><\/p>\n<p>&nbsp;<\/p>\n","protected":false},"featured_media":1626,"comment_status":"open","ping_status":"closed","template":"","meta":[],"product_cat":[17,23,27],"product_tag":[],"_links":{"self":[{"href":"https:\/\/regisbike.com.br\/index.php?rest_route=\/wp\/v2\/product\/1625"}],"collection":[{"href":"https:\/\/regisbike.com.br\/index.php?rest_route=\/wp\/v2\/product"}],"about":[{"href":"https:\/\/regisbike.com.br\/index.php?rest_route=\/wp\/v2\/types\/product"}],"replies":[{"embeddable":true,"href":"https:\/\/regisbike.com.br\/index.php?rest_route=%2Fwp%2Fv2%2Fcomments&post=1625"}],"wp:featuredmedia":[{"embeddable":true,"href":"https:\/\/regisbike.com.br\/index.php?rest_route=\/wp\/v2\/media\/1626"}],"wp:attachment":[{"href":"https:\/\/regisbike.com.br\/index.php?rest_route=%2Fwp%2Fv2%2Fmedia&parent=1625"}],"wp:term":[{"taxonomy":"product_cat","embeddable":true,"href":"https:\/\/regisbike.com.br\/index.php?rest_route=%2Fwp%2Fv2%2Fproduct_cat&post=1625"},{"taxonomy":"product_tag","embeddable":true,"href":"https:\/\/regisbike.com.br\/index.php?rest_route=%2Fwp%2Fv2%2Fproduct_tag&post=1625"}],"curies":[{"name":"wp","href":"https:\/\/api.w.org\/{rel}","templated":true}]}}