{"id":1627,"date":"2022-01-03T11:13:56","date_gmt":"2022-01-03T14:13:56","guid":{"rendered":"https:\/\/regisbike.com.br\/?post_type=product&#038;p=1627"},"modified":"2022-01-03T11:13:56","modified_gmt":"2022-01-03T14:13:56","slug":"powerlink-kmc-10v","status":"publish","type":"product","link":"https:\/\/regisbike.com.br\/?product=powerlink-kmc-10v","title":{"rendered":"POWERLINK KMC 10V"},"content":{"rendered":"<p>Emenda de Corrente Missing Link KMC 10v + Nfe<\/p>\n<p>Emenda de Corrente Kmc 10v Power Link<br \/>\nPrecis\u00e3o\/Durabilidade\/Resist\u00eancia<br \/>\nCompat\u00edvel com correntes KMC, Shimano e Sram<br \/>\nPara uso em correntes de 10 velocidades<br \/>\nReparo r\u00e1pido sem ferramenta<br \/>\nPr\u00e1tico para lavagem e manuten\u00e7\u00e3o<br \/>\nRetira a corrente em 10 segundos<\/p>\n<p>Valor referente a 2 unidades<\/p>\n<p>Fabricante: Kmc<\/p>\n","protected":false},"excerpt":{"rendered":"<p><strong>Marca:\u00a0<\/strong>kmc<\/p>\n<p><strong>Modelo:\u00a0<\/strong>10v<\/p>\n<p>&nbsp;<\/p>\n","protected":false},"featured_media":1628,"comment_status":"open","ping_status":"closed","template":"","meta":[],"product_cat":[17,18],"product_tag":[],"_links":{"self":[{"href":"https:\/\/regisbike.com.br\/index.php?rest_route=\/wp\/v2\/product\/1627"}],"collection":[{"href":"https:\/\/regisbike.com.br\/index.php?rest_route=\/wp\/v2\/product"}],"about":[{"href":"https:\/\/regisbike.com.br\/index.php?rest_route=\/wp\/v2\/types\/product"}],"replies":[{"embeddable":true,"href":"https:\/\/regisbike.com.br\/index.php?rest_route=%2Fwp%2Fv2%2Fcomments&post=1627"}],"wp:featuredmedia":[{"embeddable":true,"href":"https:\/\/regisbike.com.br\/index.php?rest_route=\/wp\/v2\/media\/1628"}],"wp:attachment":[{"href":"https:\/\/regisbike.com.br\/index.php?rest_route=%2Fwp%2Fv2%2Fmedia&parent=1627"}],"wp:term":[{"taxonomy":"product_cat","embeddable":true,"href":"https:\/\/regisbike.com.br\/index.php?rest_route=%2Fwp%2Fv2%2Fproduct_cat&post=1627"},{"taxonomy":"product_tag","embeddable":true,"href":"https:\/\/regisbike.com.br\/index.php?rest_route=%2Fwp%2Fv2%2Fproduct_tag&post=1627"}],"curies":[{"name":"wp","href":"https:\/\/api.w.org\/{rel}","templated":true}]}}