{"id":1697,"date":"2022-01-03T15:56:44","date_gmt":"2022-01-03T18:56:44","guid":{"rendered":"https:\/\/regisbike.com.br\/?post_type=product&#038;p=1697"},"modified":"2024-04-18T14:31:40","modified_gmt":"2024-04-18T17:31:40","slug":"fita-anti-furo-tectire-202426","status":"publish","type":"product","link":"https:\/\/regisbike.com.br\/?product=fita-anti-furo-tectire-202426","title":{"rendered":"FITA ANTI FURO TECTIRE 20|24|26"},"content":{"rendered":"<p style=\"text-align: center\"><strong>Fita anti furo para ser instalado entre o pneu e a c\u00e2mara. Minimiza o risco de furos causados por objetos ponteagudos como prego, parafuso, caco de vidro, pedras, entre outros. Ela tem extrema resist\u00eancia. \u00c9 um produto leve, f\u00e1cil de instalar e reutiliz\u00e1vel. Para onde quer que voc\u00ea v\u00e1, permitir\u00e1 que voc\u00ea volte com seguran\u00e7a.<\/strong><\/p>\n","protected":false},"excerpt":{"rendered":"<p><strong>MARCA: <\/strong>Tectire;<\/p>\n<p><strong>MODELO: <\/strong>MTB Aros 20&#8243;, 24&#8243; ou 26&#8243;;<\/p>\n<p><strong>MEDIDA: <\/strong>35mm-2,1m;<\/p>\n<p><strong>PESO: <\/strong>140g.<\/p>\n<p>Valor referente a 1 unidade<\/p>\n<p>&nbsp;<\/p>\n","protected":false},"featured_media":1698,"comment_status":"open","ping_status":"closed","template":"","meta":[],"product_cat":[16,120],"product_tag":[],"_links":{"self":[{"href":"https:\/\/regisbike.com.br\/index.php?rest_route=\/wp\/v2\/product\/1697"}],"collection":[{"href":"https:\/\/regisbike.com.br\/index.php?rest_route=\/wp\/v2\/product"}],"about":[{"href":"https:\/\/regisbike.com.br\/index.php?rest_route=\/wp\/v2\/types\/product"}],"replies":[{"embeddable":true,"href":"https:\/\/regisbike.com.br\/index.php?rest_route=%2Fwp%2Fv2%2Fcomments&post=1697"}],"wp:featuredmedia":[{"embeddable":true,"href":"https:\/\/regisbike.com.br\/index.php?rest_route=\/wp\/v2\/media\/1698"}],"wp:attachment":[{"href":"https:\/\/regisbike.com.br\/index.php?rest_route=%2Fwp%2Fv2%2Fmedia&parent=1697"}],"wp:term":[{"taxonomy":"product_cat","embeddable":true,"href":"https:\/\/regisbike.com.br\/index.php?rest_route=%2Fwp%2Fv2%2Fproduct_cat&post=1697"},{"taxonomy":"product_tag","embeddable":true,"href":"https:\/\/regisbike.com.br\/index.php?rest_route=%2Fwp%2Fv2%2Fproduct_tag&post=1697"}],"curies":[{"name":"wp","href":"https:\/\/api.w.org\/{rel}","templated":true}]}}