{"id":2195,"date":"2022-02-03T12:19:32","date_gmt":"2022-02-03T15:19:32","guid":{"rendered":"https:\/\/regisbike.com.br\/?post_type=product&#038;p=2195"},"modified":"2022-11-03T16:39:34","modified_gmt":"2022-11-03T19:39:34","slug":"capacete-lazer-mtb-compact-vermelho","status":"publish","type":"product","link":"https:\/\/regisbike.com.br\/?product=capacete-lazer-mtb-compact-vermelho","title":{"rendered":"CAPACETE LAZER MTB COMPACT | Vermelho"},"content":{"rendered":"<p style=\"text-align: center\"><strong>CAPACETE LAZER MTB COMPACT<\/strong><\/p>\n<p>&nbsp;<\/p>\n<p><strong>Dispon\u00edvel em oito cores, o capacete Compact, foi desenvolvido com o melhor da tecnologia lazer, l\u00edder na ind\u00fastria de capacetes e sempre refer\u00eancia em conforto e seguran\u00e7a. O sistema Tunfit+ permite ajustes, tanto vertical quanto horizontal, para que o capacete se encaixe perfeitamente na sua cabe\u00e7a.<\/strong><\/p>\n<p><strong>Compat\u00edvel para a instala\u00e7\u00e3o de luzes led, melhorando a visibilidade em ambientes de pouca ilumina\u00e7\u00e3o, como trilhas e pedal urbano.<\/strong><\/p>\n<p><strong>Sistema Lazer Tunfit Plus:<\/strong><\/p>\n<p><strong>O Tunfit Plus evita pontos quentes tamb\u00e9m conhecidos como pontos de press\u00e3o, fazendo um ajuste perfeito ao redor de toda a circunfer\u00eancia da cabe\u00e7a. Com excelente sistemas de circula\u00e7\u00e3o de ar, pequenos canais de ventila\u00e7\u00e3o internos puxam o ar para dentro do capacete, atrav\u00e9s de entradas no capacete. O aumento do fluxo de ar mant\u00e9m a cabe\u00e7a refrigerada e confort\u00e1vel, durante logos passeios, treinamentos e temperaturas altas.<\/strong><\/p>\n<p><strong>Com 21 entradas de ventila\u00e7\u00e3o, a tecnologia tamb\u00e9m permite ajustes horizontal e vertical do capacete, tendo refor\u00e7os nas laterais para otimizar a seguran\u00e7a em \u00e1reas sens\u00edveis da cabe\u00e7a. Possui visor mais largo, aumentando a prote\u00e7\u00e3o contra for\u00e7as externas.\u00a0<\/strong><\/p>\n","protected":false},"excerpt":{"rendered":"<p><strong>Modelo:\u00a0<\/strong>Lazer MTB Compact;<\/p>\n<p><strong>Tamanho: <\/strong>\u00danico;<\/p>\n<p><strong>Cor:\u00a0<\/strong>Branco.<\/p>\n<p>&nbsp;<\/p>\n","protected":false},"featured_media":2196,"comment_status":"open","ping_status":"closed","template":"","meta":[],"product_cat":[64,68],"product_tag":[],"_links":{"self":[{"href":"https:\/\/regisbike.com.br\/index.php?rest_route=\/wp\/v2\/product\/2195"}],"collection":[{"href":"https:\/\/regisbike.com.br\/index.php?rest_route=\/wp\/v2\/product"}],"about":[{"href":"https:\/\/regisbike.com.br\/index.php?rest_route=\/wp\/v2\/types\/product"}],"replies":[{"embeddable":true,"href":"https:\/\/regisbike.com.br\/index.php?rest_route=%2Fwp%2Fv2%2Fcomments&post=2195"}],"wp:featuredmedia":[{"embeddable":true,"href":"https:\/\/regisbike.com.br\/index.php?rest_route=\/wp\/v2\/media\/2196"}],"wp:attachment":[{"href":"https:\/\/regisbike.com.br\/index.php?rest_route=%2Fwp%2Fv2%2Fmedia&parent=2195"}],"wp:term":[{"taxonomy":"product_cat","embeddable":true,"href":"https:\/\/regisbike.com.br\/index.php?rest_route=%2Fwp%2Fv2%2Fproduct_cat&post=2195"},{"taxonomy":"product_tag","embeddable":true,"href":"https:\/\/regisbike.com.br\/index.php?rest_route=%2Fwp%2Fv2%2Fproduct_tag&post=2195"}],"curies":[{"name":"wp","href":"https:\/\/api.w.org\/{rel}","templated":true}]}}

<p style="text-align: center"><strong>CAPACETE LAZER MTB COMPACT</strong></p>
<p>&nbsp;</p>
<p><strong>Disponível em oito cores, o capacete Compact, foi desenvolvido com o melhor da tecnologia lazer, líder na indústria de capacetes e sempre referência em conforto e segurança. O sistema Tunfit+ permite ajustes, tanto vertical quanto horizontal, para que o capacete se encaixe perfeitamente na sua cabeça.</strong></p>
<p><strong>Compatível para a instalação de luzes led, melhorando a visibilidade em ambientes de pouca iluminação, como trilhas e pedal urbano.</strong></p>
<p><strong>Sistema Lazer Tunfit Plus:</strong></p>
<p><strong>O Tunfit Plus evita pontos quentes também conhecidos como pontos de pressão, fazendo um ajuste perfeito ao redor de toda a circunferência da cabeça. Com excelente sistemas de circulação de ar, pequenos canais de ventilação internos puxam o ar para dentro do capacete, através de entradas no capacete. O aumento do fluxo de ar mantém a cabeça refrigerada e confortável, durante logos passeios, treinamentos e temperaturas altas.</strong></p>
<p><strong>Com 21 entradas de ventilação, a tecnologia também permite ajustes horizontal e vertical do capacete, tendo reforços nas laterais para otimizar a segurança em áreas sensíveis da cabeça. Possui visor mais largo, aumentando a proteção contra forças externas. </strong></p>

<p><strong>Modelo: </strong>Lazer MTB Compact;</p>
<p><strong>Tamanho: </strong>Único;</p>
<p><strong>Cor: </strong>Branco.</p>
<p>&nbsp;</p>
