{"id":2197,"date":"2022-02-03T12:32:18","date_gmt":"2022-02-03T15:32:18","guid":{"rendered":"https:\/\/regisbike.com.br\/?post_type=product&#038;p=2197"},"modified":"2022-11-03T16:39:21","modified_gmt":"2022-11-03T19:39:21","slug":"capacete-lazer-mtb-compact-titanio","status":"publish","type":"product","link":"https:\/\/regisbike.com.br\/?product=capacete-lazer-mtb-compact-titanio","title":{"rendered":"CAPACETE LAZER MTB COMPACT | TITANIO"},"content":{"rendered":"<p style=\"text-align: center\"><strong>CAPACETE LAZER MTB COMPACT TITANIO<\/strong><\/p>\n<p><strong>Dispon\u00edvel em oito cores, o capacete Compact foi desenvolvido com o melhor da tecnologia Lazer, L\u00edder na ind\u00fastria de capacetes e sempre refer\u00eancia em conforto e seguran\u00e7a. O sistema Tunfit plus permite ajustes, tanto horizontal quanto vertical, para que o capacete se encaixe perfeitamente na sua cabe\u00e7a.<\/strong><\/p>\n<p><strong>Compat\u00edvel para instala\u00e7\u00e3o de leds, melhorando a visibilidade em ambientes de pouca luz, como em trilhas e pedal urbano.\u00a0<\/strong><\/p>\n<p><strong>Sistema Lazer Tunfit Plus:<\/strong><\/p>\n<p><strong>O Tunfit plus evita pontos quentes, tamb\u00e9m conhecidos como pontos de press\u00e3o, fazendo ajuste perfeito ao redor de toda a circunfer\u00eancia da cabe\u00e7a. Com excelente sistema de circula\u00e7\u00e3o de ar, pequenos canais de ventila\u00e7\u00e3o internos\u00a0 puxam o ar para dentro do capacete, atrav\u00e9s das entradas no capacete. O aumento do fluxo de ar mant\u00e9m sua cabe\u00e7a refrigerada e confort\u00e1vel, durante pedais longos, treinamentos e temperaturas altas.\u00a0<\/strong><\/p>\n<p>&nbsp;<\/p>\n","protected":false},"excerpt":{"rendered":"<p><strong>Modelo:\u00a0<\/strong>Lazer MTB Compact;<\/p>\n<p><strong>Tamanho:\u00a0<\/strong>\u00danico;<\/p>\n<p><strong>Cor:\u00a0<\/strong>Titanio.<\/p>\n","protected":false},"featured_media":2198,"comment_status":"open","ping_status":"closed","template":"","meta":[],"product_cat":[64,68],"product_tag":[],"_links":{"self":[{"href":"https:\/\/regisbike.com.br\/index.php?rest_route=\/wp\/v2\/product\/2197"}],"collection":[{"href":"https:\/\/regisbike.com.br\/index.php?rest_route=\/wp\/v2\/product"}],"about":[{"href":"https:\/\/regisbike.com.br\/index.php?rest_route=\/wp\/v2\/types\/product"}],"replies":[{"embeddable":true,"href":"https:\/\/regisbike.com.br\/index.php?rest_route=%2Fwp%2Fv2%2Fcomments&post=2197"}],"wp:featuredmedia":[{"embeddable":true,"href":"https:\/\/regisbike.com.br\/index.php?rest_route=\/wp\/v2\/media\/2198"}],"wp:attachment":[{"href":"https:\/\/regisbike.com.br\/index.php?rest_route=%2Fwp%2Fv2%2Fmedia&parent=2197"}],"wp:term":[{"taxonomy":"product_cat","embeddable":true,"href":"https:\/\/regisbike.com.br\/index.php?rest_route=%2Fwp%2Fv2%2Fproduct_cat&post=2197"},{"taxonomy":"product_tag","embeddable":true,"href":"https:\/\/regisbike.com.br\/index.php?rest_route=%2Fwp%2Fv2%2Fproduct_tag&post=2197"}],"curies":[{"name":"wp","href":"https:\/\/api.w.org\/{rel}","templated":true}]}}

<p style="text-align: center"><strong>CAPACETE LAZER MTB COMPACT TITANIO</strong></p>
<p><strong>Disponível em oito cores, o capacete Compact foi desenvolvido com o melhor da tecnologia Lazer, Líder na indústria de capacetes e sempre referência em conforto e segurança. O sistema Tunfit plus permite ajustes, tanto horizontal quanto vertical, para que o capacete se encaixe perfeitamente na sua cabeça.</strong></p>
<p><strong>Compatível para instalação de leds, melhorando a visibilidade em ambientes de pouca luz, como em trilhas e pedal urbano. </strong></p>
<p><strong>Sistema Lazer Tunfit Plus:</strong></p>
<p><strong>O Tunfit plus evita pontos quentes, também conhecidos como pontos de pressão, fazendo ajuste perfeito ao redor de toda a circunferência da cabeça. Com excelente sistema de circulação de ar, pequenos canais de ventilação internos  puxam o ar para dentro do capacete, através das entradas no capacete. O aumento do fluxo de ar mantém sua cabeça refrigerada e confortável, durante pedais longos, treinamentos e temperaturas altas. </strong></p>
<p>&nbsp;</p>

<p><strong>Modelo: </strong>Lazer MTB Compact;</p>
<p><strong>Tamanho: </strong>Único;</p>
<p><strong>Cor: </strong>Titanio.</p>
