{"id":2199,"date":"2022-02-03T12:42:45","date_gmt":"2022-02-03T15:42:45","guid":{"rendered":"https:\/\/regisbike.com.br\/?post_type=product&#038;p=2199"},"modified":"2022-11-03T16:36:25","modified_gmt":"2022-11-03T19:36:25","slug":"capacete-lazer-mtb-compact-azul-claro","status":"publish","type":"product","link":"https:\/\/regisbike.com.br\/?product=capacete-lazer-mtb-compact-azul-claro","title":{"rendered":"CAPACETE LAZER MTB COMPACT | AZUL CLARO"},"content":{"rendered":"<p style=\"text-align: center\"><strong>CAPACETE LAZER MTB COMPACT<\/strong><\/p>\n<p data-pm-slice=\"1 1 []\"><strong>Dispon\u00edvel em oito cores, o capacete Compact, foi desenvolvido com o melhor da tecnologia Lazer, l\u00edder na ind\u00fastria de capacetes e sempre refer\u00eancia em conforto e seguran\u00e7a. O sistema Turnfit Plus permite ajustes, tanto vertical quanto horizontal, para que o capacete se encaixe perfeitamente em sua cabe\u00e7a.<\/strong><\/p>\n<p><strong>Compat\u00edvel para instala\u00e7\u00e3o de luzes led, melhorando a visibilidade em lugares de pouca ilumina\u00e7\u00e3o, como em trilhas e pedal urbano.<\/strong><\/p>\n<p><strong>Sistema Lazer Turnfit Plus<\/strong><\/p>\n<p><strong>O Turnfit Plus evita pontos quentes, tamb\u00e9m conhecidos como pontos de press\u00e3o, fazendo um ajuste perfeito ao redor de toda a circunfer\u00eancia da cabe\u00e7a. Com excelente sistema de circula\u00e7\u00e3o de ar, pequenos canais de ventila\u00e7\u00e3o internos puxam o ar para dentro do capacete, atrav\u00e9s das entradas no capacete. O aumento do fluxo de ar mant\u00e9m a cabe\u00e7a refrigerada e confort\u00e1vel, durante longos passeios, treinamentos e temperaturas altas.<\/strong><\/p>\n<p><strong>Com 21 entradas de ventila\u00e7\u00e3o, a tecnologia tamb\u00e9m permite ajuste horizontal e vertical do capacete, tendo refor\u00e7o nas laterais para otimizar a seguran\u00e7a em \u00e1reas sens\u00edveis da cabe\u00e7a. Possui visor mais largo, aumentando a prote\u00e7\u00e3o contra for\u00e7as externas.<\/strong><\/p>\n","protected":false},"excerpt":{"rendered":"<p><strong>Modelo:\u00a0<\/strong>Lazer MTB Compact Shimano Team;<\/p>\n<p><strong>Tamanho:\u00a0<\/strong>\u00danico;<\/p>\n<p><strong>Cor:\u00a0<\/strong>Azul Claro.<\/p>\n","protected":false},"featured_media":2200,"comment_status":"open","ping_status":"closed","template":"","meta":[],"product_cat":[64,68],"product_tag":[],"_links":{"self":[{"href":"https:\/\/regisbike.com.br\/index.php?rest_route=\/wp\/v2\/product\/2199"}],"collection":[{"href":"https:\/\/regisbike.com.br\/index.php?rest_route=\/wp\/v2\/product"}],"about":[{"href":"https:\/\/regisbike.com.br\/index.php?rest_route=\/wp\/v2\/types\/product"}],"replies":[{"embeddable":true,"href":"https:\/\/regisbike.com.br\/index.php?rest_route=%2Fwp%2Fv2%2Fcomments&post=2199"}],"wp:featuredmedia":[{"embeddable":true,"href":"https:\/\/regisbike.com.br\/index.php?rest_route=\/wp\/v2\/media\/2200"}],"wp:attachment":[{"href":"https:\/\/regisbike.com.br\/index.php?rest_route=%2Fwp%2Fv2%2Fmedia&parent=2199"}],"wp:term":[{"taxonomy":"product_cat","embeddable":true,"href":"https:\/\/regisbike.com.br\/index.php?rest_route=%2Fwp%2Fv2%2Fproduct_cat&post=2199"},{"taxonomy":"product_tag","embeddable":true,"href":"https:\/\/regisbike.com.br\/index.php?rest_route=%2Fwp%2Fv2%2Fproduct_tag&post=2199"}],"curies":[{"name":"wp","href":"https:\/\/api.w.org\/{rel}","templated":true}]}}

<p style="text-align: center"><strong>CAPACETE LAZER MTB COMPACT</strong></p>
<p data-pm-slice="1 1 []"><strong>Disponível em oito cores, o capacete Compact, foi desenvolvido com o melhor da tecnologia Lazer, líder na indústria de capacetes e sempre referência em conforto e segurança. O sistema Turnfit Plus permite ajustes, tanto vertical quanto horizontal, para que o capacete se encaixe perfeitamente em sua cabeça.</strong></p>
<p><strong>Compatível para instalação de luzes led, melhorando a visibilidade em lugares de pouca iluminação, como em trilhas e pedal urbano.</strong></p>
<p><strong>Sistema Lazer Turnfit Plus</strong></p>
<p><strong>O Turnfit Plus evita pontos quentes, também conhecidos como pontos de pressão, fazendo um ajuste perfeito ao redor de toda a circunferência da cabeça. Com excelente sistema de circulação de ar, pequenos canais de ventilação internos puxam o ar para dentro do capacete, através das entradas no capacete. O aumento do fluxo de ar mantém a cabeça refrigerada e confortável, durante longos passeios, treinamentos e temperaturas altas.</strong></p>
<p><strong>Com 21 entradas de ventilação, a tecnologia também permite ajuste horizontal e vertical do capacete, tendo reforço nas laterais para otimizar a segurança em áreas sensíveis da cabeça. Possui visor mais largo, aumentando a proteção contra forças externas.</strong></p>

<p><strong>Modelo: </strong>Lazer MTB Compact Shimano Team;</p>
<p><strong>Tamanho: </strong>Único;</p>
<p><strong>Cor: </strong>Azul Claro.</p>
