{"id":2303,"date":"2022-06-02T11:25:14","date_gmt":"2022-06-02T14:25:14","guid":{"rendered":"https:\/\/regisbike.com.br\/?post_type=product&#038;p=2303"},"modified":"2026-04-05T09:51:03","modified_gmt":"2026-04-05T12:51:03","slug":"selim-rontek-rt-201","status":"publish","type":"product","link":"https:\/\/regisbike.com.br\/?product=selim-rontek-rt-201","title":{"rendered":"SELIM RONTEK RT-201"},"content":{"rendered":"<p style=\"text-align: center\"><strong>SELIM RONTEK RT-201<\/strong><\/p>\n<p>Ideal para os ciclistas que buscam mais conforto e desempenho em seus treinos, passeios e provas, o\u00a0Selim Rontek RT-201 conta com constru\u00e7\u00e3o ergon\u00f4mica que auxiliam no melhor posicionamento do ciclista sobre o banco da bicicleta, ajudando no conforto, mas sem deixar de lado a performance.<\/p>\n","protected":false},"excerpt":{"rendered":"<p><strong>Cor:\u00a0<\/strong>Preto<\/p>\n","protected":false},"featured_media":2305,"comment_status":"open","ping_status":"closed","template":"","meta":[],"product_cat":[17,36],"product_tag":[],"_links":{"self":[{"href":"https:\/\/regisbike.com.br\/index.php?rest_route=\/wp\/v2\/product\/2303"}],"collection":[{"href":"https:\/\/regisbike.com.br\/index.php?rest_route=\/wp\/v2\/product"}],"about":[{"href":"https:\/\/regisbike.com.br\/index.php?rest_route=\/wp\/v2\/types\/product"}],"replies":[{"embeddable":true,"href":"https:\/\/regisbike.com.br\/index.php?rest_route=%2Fwp%2Fv2%2Fcomments&post=2303"}],"wp:featuredmedia":[{"embeddable":true,"href":"https:\/\/regisbike.com.br\/index.php?rest_route=\/wp\/v2\/media\/2305"}],"wp:attachment":[{"href":"https:\/\/regisbike.com.br\/index.php?rest_route=%2Fwp%2Fv2%2Fmedia&parent=2303"}],"wp:term":[{"taxonomy":"product_cat","embeddable":true,"href":"https:\/\/regisbike.com.br\/index.php?rest_route=%2Fwp%2Fv2%2Fproduct_cat&post=2303"},{"taxonomy":"product_tag","embeddable":true,"href":"https:\/\/regisbike.com.br\/index.php?rest_route=%2Fwp%2Fv2%2Fproduct_tag&post=2303"}],"curies":[{"name":"wp","href":"https:\/\/api.w.org\/{rel}","templated":true}]}}