{"id":2457,"date":"2022-08-01T10:58:04","date_gmt":"2022-08-01T13:58:04","guid":{"rendered":"https:\/\/regisbike.com.br\/?post_type=product&#038;p=2457"},"modified":"2025-10-24T18:37:11","modified_gmt":"2025-10-24T21:37:11","slug":"bolsa-rontek-triangular-fat-para-quadro","status":"publish","type":"product","link":"https:\/\/regisbike.com.br\/?product=bolsa-rontek-triangular-fat-para-quadro","title":{"rendered":"BOLSA RONTEK TRIANGULAR FAT PARA QUADRO"},"content":{"rendered":"<p><strong>IDEAL PARA OS CICLISTAS MAIS EXIGENTES A Bolsa RONTEK Triangular para quadros de bicicleta \u00e9 ideal para armazenar objetos que o ciclista necessitar\u00e1 em sua pedalada. Possui um \u00f3timo sistema de fixa\u00e7\u00e3o em velcro para maior firmeza durante a locomo\u00e7\u00e3o.<\/strong><\/p>\n","protected":false},"excerpt":{"rendered":"<p style=\"text-align: center\"><strong>BOLSA TRIANGULAR PARA QUADRO DE BICICLETA<\/strong><\/p>\n<p>&nbsp;<\/p>\n<p><strong>MARCA: <\/strong>Rontek;<\/p>\n<p>&nbsp;<\/p>\n<p><strong>TAMANHO: <\/strong>23cm x 20cm x 6cm;<\/p>\n<p>&nbsp;<\/p>\n<p><strong>MATERIAL: <\/strong>PVC;<\/p>\n<p>&nbsp;<\/p>\n<p><strong>Possui tiras em velcro para f\u00e1cil fixa\u00e7\u00e3o.<\/strong><\/p>\n","protected":false},"featured_media":2458,"comment_status":"open","ping_status":"closed","template":"","meta":[],"product_cat":[16,40],"product_tag":[],"_links":{"self":[{"href":"https:\/\/regisbike.com.br\/index.php?rest_route=\/wp\/v2\/product\/2457"}],"collection":[{"href":"https:\/\/regisbike.com.br\/index.php?rest_route=\/wp\/v2\/product"}],"about":[{"href":"https:\/\/regisbike.com.br\/index.php?rest_route=\/wp\/v2\/types\/product"}],"replies":[{"embeddable":true,"href":"https:\/\/regisbike.com.br\/index.php?rest_route=%2Fwp%2Fv2%2Fcomments&post=2457"}],"wp:featuredmedia":[{"embeddable":true,"href":"https:\/\/regisbike.com.br\/index.php?rest_route=\/wp\/v2\/media\/2458"}],"wp:attachment":[{"href":"https:\/\/regisbike.com.br\/index.php?rest_route=%2Fwp%2Fv2%2Fmedia&parent=2457"}],"wp:term":[{"taxonomy":"product_cat","embeddable":true,"href":"https:\/\/regisbike.com.br\/index.php?rest_route=%2Fwp%2Fv2%2Fproduct_cat&post=2457"},{"taxonomy":"product_tag","embeddable":true,"href":"https:\/\/regisbike.com.br\/index.php?rest_route=%2Fwp%2Fv2%2Fproduct_tag&post=2457"}],"curies":[{"name":"wp","href":"https:\/\/api.w.org\/{rel}","templated":true}]}}