{"id":2896,"date":"2022-11-03T17:07:09","date_gmt":"2022-11-03T20:07:09","guid":{"rendered":"https:\/\/regisbike.com.br\/?post_type=product&#038;p=2896"},"modified":"2026-04-05T09:46:22","modified_gmt":"2026-04-05T12:46:22","slug":"capacete-in-mold-rt-58-rosa-c-preto","status":"publish","type":"product","link":"https:\/\/regisbike.com.br\/?product=capacete-in-mold-rt-58-rosa-c-preto","title":{"rendered":"CAPACETE IN-MOLD RT-58 | ROSA C\/ PRETO"},"content":{"rendered":"<p style=\"text-align: center\"><strong>CAPACETE IN-MOLD RT-58 ROSA C\/ PRETO<\/strong><\/p>\n<p>&nbsp;<\/p>\n<p><strong>Caracter\u00edsticas:<\/strong><\/p>\n<p>&nbsp;<\/p>\n<p><strong>-Ajustes precisos com sistema traseiro em disco para regulagem do cage interno e micro fivelas, personalizam os ajustes para o m\u00e1ximo em conforto e seguran\u00e7a;<\/strong><\/p>\n<p><strong>\u2013 Pala remov\u00edvel maior capacidade de personaliza\u00e7\u00e3o para o uso em diferentes modalidades ou necessidades de acordo com o clima;<\/strong><\/p>\n<p><strong>\u2013 Tamanho \u00fanico com capacidade de regulagem e praticidade na hora da escolha;<\/strong><\/p>\n<p><strong>\u2013 Led traseiro \u2013 no disco de ajuste, ajuda na visibilidade em ambientes de menor luminosidade;<\/strong><\/p>\n<p><strong>\u2013 Tela anti insetos ajudando no conforto durante qualquer tipo de treino ou passeio.<\/strong><\/p>\n<p>&nbsp;<\/p>\n","protected":false},"excerpt":{"rendered":"<p><strong>Para quem busca um equipamento com bom custo benef\u00edcio para come\u00e7ar suas pedalas da maneira mais segura o Capacete Rontek\u00a0 \u00e9 uma \u00f3tima op\u00e7\u00e3o. Com acabamento interno de boa qualidade com fabrica\u00e7\u00e3o in-mold usando como materiais principais o pvc, trazendo leveza e boa resist\u00eancia contra variados tipos de impactos.<\/strong><\/p>\n","protected":false},"featured_media":2898,"comment_status":"open","ping_status":"closed","template":"","meta":[],"product_cat":[16,64],"product_tag":[],"_links":{"self":[{"href":"https:\/\/regisbike.com.br\/index.php?rest_route=\/wp\/v2\/product\/2896"}],"collection":[{"href":"https:\/\/regisbike.com.br\/index.php?rest_route=\/wp\/v2\/product"}],"about":[{"href":"https:\/\/regisbike.com.br\/index.php?rest_route=\/wp\/v2\/types\/product"}],"replies":[{"embeddable":true,"href":"https:\/\/regisbike.com.br\/index.php?rest_route=%2Fwp%2Fv2%2Fcomments&post=2896"}],"wp:featuredmedia":[{"embeddable":true,"href":"https:\/\/regisbike.com.br\/index.php?rest_route=\/wp\/v2\/media\/2898"}],"wp:attachment":[{"href":"https:\/\/regisbike.com.br\/index.php?rest_route=%2Fwp%2Fv2%2Fmedia&parent=2896"}],"wp:term":[{"taxonomy":"product_cat","embeddable":true,"href":"https:\/\/regisbike.com.br\/index.php?rest_route=%2Fwp%2Fv2%2Fproduct_cat&post=2896"},{"taxonomy":"product_tag","embeddable":true,"href":"https:\/\/regisbike.com.br\/index.php?rest_route=%2Fwp%2Fv2%2Fproduct_tag&post=2896"}],"curies":[{"name":"wp","href":"https:\/\/api.w.org\/{rel}","templated":true}]}}