{"id":2929,"date":"2022-11-30T17:22:32","date_gmt":"2022-11-30T20:22:32","guid":{"rendered":"https:\/\/regisbike.com.br\/?post_type=product&#038;p=2929"},"modified":"2022-11-30T17:22:32","modified_gmt":"2022-11-30T20:22:32","slug":"bermuda-de-ciclismo-feminina-barbedo-tam-p","status":"publish","type":"product","link":"https:\/\/regisbike.com.br\/?product=bermuda-de-ciclismo-feminina-barbedo-tam-p","title":{"rendered":"BERMUDA DE CICLISMO FEMININA BARBEDO | TAM P"},"content":{"rendered":"<p style=\"text-align: center\"><strong>BERMUDA\u00a0 CICLISMO BARBEDO FEMININA<\/strong><\/p>\n<p>&nbsp;<\/p>\n<p>&nbsp;<\/p>\n<h2><strong>Tecido Elastano com Modelagem anat\u00f4mica<\/strong><\/h2>\n<p>A Bermuda de Ciclismo Feminina Barbedo Bel\u00edssima Gel \u00e9 confeccionada em Elastano com prote\u00e7\u00e3o UV FPS 30, na propor\u00e7\u00e3o exata de poliamida e elastano, que garante excelente resist\u00eancia mec\u00e2nica e a adequada elasticidade, proporcionando ao ciclista maior conforto e mobilidade durante o pedal. Al\u00e9m disso, sua modelagem anat\u00f4mica, justa ao corpo, ajuda a diminuir o arrasto e, consequentemente, melhora a efici\u00eancia aerodin\u00e2mica e a performance do ciclista.<\/p>\n<h2><strong>Pernas com barra em Elastano\/Poliamida, sem el\u00e1stico..<\/strong><\/h2>\n<p>A pernas com barras de Elastano\/Poliamida\u00a0s\u00e3o posicionadas para manter a bermuda corretamente no lugar, mesmo com a movimenta\u00e7\u00e3o das pernas e a for\u00e7a do vento, al\u00e9m de dispensarem o uso de desconfort\u00e1veis el\u00e1sticos que podem prejudicar\u00a0 a circula\u00e7\u00e3o do ciclista, ocasionando maior desgaste.<\/p>\n<p>&nbsp;<\/p>\n<h2><strong>Bolsos Laterias.<\/strong><\/h2>\n<p>Um diferencial da Bermuda de Ciclismo Feminina Barbedo Bel\u00edssima Gel \u00e9 a presen\u00e7a de dois bolsos laterais, ideais para transporte de pequenos volumes, como smartphones, chaves ou itens que possam auxiliar no treino como sach\u00eas de hidrata\u00e7\u00e3o, barras de nutri\u00e7\u00e3o, cartuchos de CO2, entre outros.<\/p>\n<h2><strong>PRO Gel D80 Feminino Feminino<\/strong><\/h2>\n<p>O forro PRO Gel D80 feminino , indicado para pedais curtos, m\u00e9dios e longos (at\u00e9 6hs) \u00e9 confeccionado com a combina\u00e7\u00e3o de camadas de espuma e gel.<\/p>\n<p>Nas zonas centrais, apresenta espuma de poliuretano de densidades D-80 a D-120 e gel nas \u00e1reas de maior press\u00e3o com o selim, para otimizar o conforto e a prote\u00e7\u00e3o. Nas \u00e1reas laterais, pr\u00e9-moldadas com curvatura para baixo, o PRO Gel D-80 Feminino apresenta baixa densidade e espessura diminuindo o atrito com a pele, maximizando a comodidade do ciclista.<\/p>\n<p>O forro PRO Gel D80 Feminino ainda possui tratamento antimicrobiano que evita a prolifera\u00e7\u00e3o de fungos e bact\u00e9rias causadores de mau cheiro.<\/p>\n<h2><strong>Tamanhos e Disponibilidade<\/strong><\/h2>\n<p>A Bermuda de Ciclismo Feminina Barbedo Bel\u00edssima Gel \u00e9 confeccionada nos tamanhos P, M, G, GG e GGG. Confira a tabela de medidas dispon\u00edvel nas fotos do produto para mais detalhes.<\/p>\n<p>Envios para todo Brasil.<\/p>\n<h2><strong>Ficha T\u00e9cnica<\/strong><\/h2>\n<p><strong>Produto:<\/strong>\u00a0Bermuda de Ciclismo Feminina Barbedo\u00a0Bel\u00edssima Gel<br \/>\n<strong>Cores Predominantes:\u00a0<\/strong>Preto<br \/>\n<strong>Forro:\u00a0<\/strong>Pro Gel D80 Feminino<br \/>\n<strong>Tecido\/Composi\u00e7\u00e3o:\u00a0<\/strong>77% Poliamida &#8211; 23% Elastano<br \/>\n<strong>Prote\u00e7\u00e3o UV:<\/strong>\u00a0FPS 30<br \/>\n<strong>Pernas:\u00a0<\/strong>Pernas com barras em Elastano\/Poliamida, sem el\u00e1stico<br \/>\n<strong>Bolsos:\u00a0<\/strong>2 bolsos laterais<br \/>\n<strong>Indicado para:\u00a0<\/strong>Pedal Casual\/Recreativo<\/p>\n","protected":false},"excerpt":{"rendered":"<ul>\n<li><strong>A Bermuda de ciclismo barbedo feminina gel \u00e9 confeccionada em tecido elastano e modelagem anat\u00f4mica e prote\u00e7\u00e3o UV;<\/strong><\/li>\n<\/ul>\n<p>&nbsp;<\/p>\n<ul>\n<li><strong>Forro Pro Gel D70 feminino com tratamento antimicrobiano;<\/strong><\/li>\n<\/ul>\n<p>&nbsp;<\/p>\n<ul>\n<li><strong>Pernas com barra em elastano e poliamida;<\/strong><\/li>\n<\/ul>\n<p>&nbsp;<\/p>\n<ul>\n<li><strong>Sem el\u00e1stico nas pontas;<\/strong><\/li>\n<\/ul>\n<p>&nbsp;<\/p>\n<ul>\n<li><strong>\u00c9 perfeita para ciclistas que buscam conforto e prote\u00e7\u00e3o para pedais de curta e m\u00e9dia dura\u00e7\u00e3o<\/strong><\/li>\n<\/ul>\n","protected":false},"featured_media":2931,"comment_status":"open","ping_status":"closed","template":"","meta":[],"product_cat":[64,65],"product_tag":[],"_links":{"self":[{"href":"https:\/\/regisbike.com.br\/index.php?rest_route=\/wp\/v2\/product\/2929"}],"collection":[{"href":"https:\/\/regisbike.com.br\/index.php?rest_route=\/wp\/v2\/product"}],"about":[{"href":"https:\/\/regisbike.com.br\/index.php?rest_route=\/wp\/v2\/types\/product"}],"replies":[{"embeddable":true,"href":"https:\/\/regisbike.com.br\/index.php?rest_route=%2Fwp%2Fv2%2Fcomments&post=2929"}],"wp:featuredmedia":[{"embeddable":true,"href":"https:\/\/regisbike.com.br\/index.php?rest_route=\/wp\/v2\/media\/2931"}],"wp:attachment":[{"href":"https:\/\/regisbike.com.br\/index.php?rest_route=%2Fwp%2Fv2%2Fmedia&parent=2929"}],"wp:term":[{"taxonomy":"product_cat","embeddable":true,"href":"https:\/\/regisbike.com.br\/index.php?rest_route=%2Fwp%2Fv2%2Fproduct_cat&post=2929"},{"taxonomy":"product_tag","embeddable":true,"href":"https:\/\/regisbike.com.br\/index.php?rest_route=%2Fwp%2Fv2%2Fproduct_tag&post=2929"}],"curies":[{"name":"wp","href":"https:\/\/api.w.org\/{rel}","templated":true}]}}