{"id":3165,"date":"2025-09-11T13:28:06","date_gmt":"2025-09-11T16:28:06","guid":{"rendered":"https:\/\/regisbike.com.br\/?post_type=product&#038;p=3165"},"modified":"2025-09-11T13:28:06","modified_gmt":"2025-09-11T16:28:06","slug":"bicicleta-infantil-groove-balance","status":"publish","type":"product","link":"https:\/\/regisbike.com.br\/?product=bicicleta-infantil-groove-balance","title":{"rendered":"BICICLETA INFANTIL GROOVE BALANCE"},"content":{"rendered":"<div><strong>Principais caracter\u00edsticas Balance Groove:<\/p>\n<p><\/strong><\/div>\n<div>\u2022 Balance Groove Sem pedais e sem rodinhas: A crian\u00e7a usa os p\u00e9s para impulsionar a bicicleta, aprendendo a equilibrar o corpo naturalmente.<\/div>\n<div>\u2022 Balance Groove Altura ajust\u00e1vel: A maioria possui selim ajust\u00e1vel para acompanhar o crescimento da crian\u00e7a.<\/div>\n<div>\u2022 Balance Groove Leveza: S\u00e3o feitas de materiais leves, para facilitar o manuseio pelos pequenos.<\/div>\n<div>\u2022 Balance Groove Pneu Borracha: Os pneus da balance bike Groove possui c\u00e2mera de ar e rodas raiadas que oferecem mais ader\u00eancia e qualidade.<\/div>\n<div><\/div>\n<div><strong>Benef\u00edcios:<\/strong><\/div>\n<div><\/div>\n<div>1. Desenvolvimento do equil\u00edbrio: A crian\u00e7a aprende a manter-se est\u00e1vel antes de se preocupar em pedalar.<\/div>\n<div>2. Transi\u00e7\u00e3o mais f\u00e1cil para bicicletas tradicionais: Normalmente, crian\u00e7as que usam balance bikes n\u00e3o precisam de rodinhas de apoio ao passar para uma bicicleta maior.<\/div>\n<div>3. Confian\u00e7a: A crian\u00e7a controla a velocidade com os p\u00e9s, ganhando seguran\u00e7a gradualmente.<\/div>\n<div><\/div>\n<div><strong>Idade recomendada:<\/strong><\/div>\n<div><\/div>\n<div>Geralmente indicada para crian\u00e7as de 1,5 a 4 anos.<\/div>\n","protected":false},"excerpt":{"rendered":"<p><a href=\"https:\/\/regisbike.com.br\/wp-content\/uploads\/2025\/09\/Balance.png\"><img decoding=\"async\" loading=\"lazy\" class=\"alignnone size-full wp-image-3173\" src=\"https:\/\/regisbike.com.br\/wp-content\/uploads\/2025\/09\/Balance.png\" alt=\"\" width=\"121\" height=\"23\" \/><\/a><\/p>\n<p><strong>Uma balance bike Groove (bicicleta de equil\u00edbrio) \u00e9 um tipo de bicicleta sem pedais, projetada para ajudar crian\u00e7as pequenas a desenvolverem o equil\u00edbrio e a coordena\u00e7\u00e3o motora antes de come\u00e7arem a pedalar uma bicicleta tradicional.<\/strong><\/p>\n","protected":false},"featured_media":3168,"comment_status":"open","ping_status":"closed","template":"","meta":[],"product_cat":[58,60],"product_tag":[],"_links":{"self":[{"href":"https:\/\/regisbike.com.br\/index.php?rest_route=\/wp\/v2\/product\/3165"}],"collection":[{"href":"https:\/\/regisbike.com.br\/index.php?rest_route=\/wp\/v2\/product"}],"about":[{"href":"https:\/\/regisbike.com.br\/index.php?rest_route=\/wp\/v2\/types\/product"}],"replies":[{"embeddable":true,"href":"https:\/\/regisbike.com.br\/index.php?rest_route=%2Fwp%2Fv2%2Fcomments&post=3165"}],"wp:featuredmedia":[{"embeddable":true,"href":"https:\/\/regisbike.com.br\/index.php?rest_route=\/wp\/v2\/media\/3168"}],"wp:attachment":[{"href":"https:\/\/regisbike.com.br\/index.php?rest_route=%2Fwp%2Fv2%2Fmedia&parent=3165"}],"wp:term":[{"taxonomy":"product_cat","embeddable":true,"href":"https:\/\/regisbike.com.br\/index.php?rest_route=%2Fwp%2Fv2%2Fproduct_cat&post=3165"},{"taxonomy":"product_tag","embeddable":true,"href":"https:\/\/regisbike.com.br\/index.php?rest_route=%2Fwp%2Fv2%2Fproduct_tag&post=3165"}],"curies":[{"name":"wp","href":"https:\/\/api.w.org\/{rel}","templated":true}]}}