{"id":3199,"date":"2025-09-11T14:15:06","date_gmt":"2025-09-11T17:15:06","guid":{"rendered":"https:\/\/regisbike.com.br\/?post_type=product&#038;p=3199"},"modified":"2025-09-11T14:15:06","modified_gmt":"2025-09-11T17:15:06","slug":"bicicleta-infantil-groove-my-bike-16","status":"publish","type":"product","link":"https:\/\/regisbike.com.br\/?product=bicicleta-infantil-groove-my-bike-16","title":{"rendered":"BICICLETA INFANTIL GROOVE MY BIKE 16"},"content":{"rendered":"<p><strong>TAMANHO:\u00a0\u00a0<\/strong>\u00daNICO\/ARO 16<\/p>\n<p><strong>COR:\u00a0<\/strong> BRANCO OU ROSA<\/p>\n<p><strong>QUADRO:\u00a0<\/strong>A\u00c7O CARBONO<\/p>\n<p><strong>SUSPENS\u00c3O:\u00a0<\/strong>GARFO A\u00c7O CARBONO<\/p>\n<p><strong>PEDIVELA:\u00a0<\/strong>A\u00c7O CARBONO 115MM PRETO<\/p>\n<p><strong>CATRACA:\u00a0<\/strong>A\u00c7O GROOVE 18 DENTES<\/p>\n<p><strong>CORRRENTE:\u00a0<\/strong>GROOVE 1\/2 X 1\/8<\/p>\n<p><strong>ALAVANCA DE FREIO:\u00a0<\/strong>PL\u00c1STICA MANETE PR\u00d3XIMO DESIGN PR\u00d3XIMO GUID\u00c3O<\/p>\n<p><strong>FREIO:\u00a0<\/strong>V-BRAKE<\/p>\n<p><strong>MOVIMENTO CENTRAL:\u00a0<\/strong>A\u00c7O GROOVE 45MM<\/p>\n<p><strong>CUBOS:\u00a0<\/strong>A\u00c7O<\/p>\n<p><strong>RAIOS:\u00a0<\/strong>PRETO<\/p>\n<p><strong>AROS:\u00a0<\/strong>ALUM\u00cdNIO<\/p>\n<p><strong>GUID\u00c3O:\u00a0<\/strong>BMX A\u00c7O 500MM<\/p>\n<p><strong>MESA:\u00a0<\/strong>BMX A\u00c7O CARBONO BRANCO<\/p>\n<p><strong>CANOTE:\u00a0<\/strong>GROOVE A\u00c7O CARBONO<\/p>\n<p><strong>ABRA\u00c7ADEIRA DE SELIM:\u00a0<\/strong>INTEGRADA<\/p>\n<p><strong>SELIM:\u00a0<\/strong>GROOVE AMS MIRIM<\/p>\n<p><strong>PNEU:\u00a0<\/strong>CHAOYANG 16<\/p>\n<p><strong>PESO:\u00a0<\/strong>9,4KG<\/p>\n","protected":false},"excerpt":{"rendered":"<p><a href=\"https:\/\/regisbike.com.br\/wp-content\/uploads\/2025\/09\/My-Bike-16-.png\"><img decoding=\"async\" loading=\"lazy\" class=\"alignnone size-full wp-image-3213\" src=\"https:\/\/regisbike.com.br\/wp-content\/uploads\/2025\/09\/My-Bike-16-.png\" alt=\"\" width=\"173\" height=\"38\" \/><\/a><\/p>\n<p><strong>Diferencial da linha infantil \u00e9 o design, geometria do quadro e as pe\u00e7as. Freios V-Brake, manete de freio curvo, deixando mais pr\u00f3ximo do guid\u00e3o, cobre corrente, cadeirinha de boneca e rodas laterais. Nas cores Rosa ou Branca.<\/strong><\/p>\n<p><strong>\u00c9 uma verdadeira bicicleta infantil, \u00fanica com rodas raiadas e aros em alum\u00ednio, selo inmetro. A My Bike 16 \u00e9 uma bicicleta infantil e n\u00e3o um brinquedo. As meninas ir\u00e3o sentir suas primeiras pedaladas ao ar livre.<\/strong><\/p>\n","protected":false},"featured_media":3212,"comment_status":"open","ping_status":"closed","template":"","meta":[],"product_cat":[58,60],"product_tag":[],"_links":{"self":[{"href":"https:\/\/regisbike.com.br\/index.php?rest_route=\/wp\/v2\/product\/3199"}],"collection":[{"href":"https:\/\/regisbike.com.br\/index.php?rest_route=\/wp\/v2\/product"}],"about":[{"href":"https:\/\/regisbike.com.br\/index.php?rest_route=\/wp\/v2\/types\/product"}],"replies":[{"embeddable":true,"href":"https:\/\/regisbike.com.br\/index.php?rest_route=%2Fwp%2Fv2%2Fcomments&post=3199"}],"wp:featuredmedia":[{"embeddable":true,"href":"https:\/\/regisbike.com.br\/index.php?rest_route=\/wp\/v2\/media\/3212"}],"wp:attachment":[{"href":"https:\/\/regisbike.com.br\/index.php?rest_route=%2Fwp%2Fv2%2Fmedia&parent=3199"}],"wp:term":[{"taxonomy":"product_cat","embeddable":true,"href":"https:\/\/regisbike.com.br\/index.php?rest_route=%2Fwp%2Fv2%2Fproduct_cat&post=3199"},{"taxonomy":"product_tag","embeddable":true,"href":"https:\/\/regisbike.com.br\/index.php?rest_route=%2Fwp%2Fv2%2Fproduct_tag&post=3199"}],"curies":[{"name":"wp","href":"https:\/\/api.w.org\/{rel}","templated":true}]}}

<p><strong>TAMANHO:  </strong>ÚNICO/ARO 16</p>
<p><strong>COR: </strong> BRANCO OU ROSA</p>
<p><strong>QUADRO: </strong>AÇO CARBONO</p>
<p><strong>SUSPENSÃO: </strong>GARFO AÇO CARBONO</p>
<p><strong>PEDIVELA: </strong>AÇO CARBONO 115MM PRETO</p>
<p><strong>CATRACA: </strong>AÇO GROOVE 18 DENTES</p>
<p><strong>CORRRENTE: </strong>GROOVE 1/2 X 1/8</p>
<p><strong>ALAVANCA DE FREIO: </strong>PLÁSTICA MANETE PRÓXIMO DESIGN PRÓXIMO GUIDÃO</p>
<p><strong>FREIO: </strong>V-BRAKE</p>
<p><strong>MOVIMENTO CENTRAL: </strong>AÇO GROOVE 45MM</p>
<p><strong>CUBOS: </strong>AÇO</p>
<p><strong>RAIOS: </strong>PRETO</p>
<p><strong>AROS: </strong>ALUMÍNIO</p>
<p><strong>GUIDÃO: </strong>BMX AÇO 500MM</p>
<p><strong>MESA: </strong>BMX AÇO CARBONO BRANCO</p>
<p><strong>CANOTE: </strong>GROOVE AÇO CARBONO</p>
<p><strong>ABRAÇADEIRA DE SELIM: </strong>INTEGRADA</p>
<p><strong>SELIM: </strong>GROOVE AMS MIRIM</p>
<p><strong>PNEU: </strong>CHAOYANG 16</p>
<p><strong>PESO: </strong>9,4KG</p>

<p><a href="https://regisbike.com.br/wp-content/uploads/2025/09/My-Bike-16-.png"><img decoding="async" loading="lazy" class="alignnone size-full wp-image-3213" src="https://regisbike.com.br/wp-content/uploads/2025/09/My-Bike-16-.png" alt="" width="173" height="38" /></a></p>
<p><strong>Diferencial da linha infantil é o design, geometria do quadro e as peças. Freios V-Brake, manete de freio curvo, deixando mais próximo do guidão, cobre corrente, cadeirinha de boneca e rodas laterais. Nas cores Rosa ou Branca.</strong></p>
<p><strong>É uma verdadeira bicicleta infantil, única com rodas raiadas e aros em alumínio, selo inmetro. A My Bike 16 é uma bicicleta infantil e não um brinquedo. As meninas irão sentir suas primeiras pedaladas ao ar livre.</strong></p>
