{"id":3250,"date":"2025-09-11T14:40:22","date_gmt":"2025-09-11T17:40:22","guid":{"rendered":"https:\/\/regisbike.com.br\/?post_type=product&#038;p=3250"},"modified":"2025-09-11T14:40:22","modified_gmt":"2025-09-11T17:40:22","slug":"bicicleta-infantil-ragga-24","status":"publish","type":"product","link":"https:\/\/regisbike.com.br\/?product=bicicleta-infantil-ragga-24","title":{"rendered":"BICICLETA INFANTIL RAGGA 24"},"content":{"rendered":"<p><strong>TAMANHO:\u00a0 <\/strong>ARO 24<\/p>\n<p><strong>COR:\u00a0<\/strong> AZUL<\/p>\n<p><strong>QUADRO:\u00a0<\/strong>GROOVE A\u00c7O CARBONO<\/p>\n<p><strong>SUSPENS\u00c3O:\u00a0<\/strong>GARFO A\u00c7O CARBONO<\/p>\n<p><strong>TROCADOR: <\/strong>AT-M100 3\/7V INTEGRADO<\/p>\n<p><strong>PEDIVELA: <\/strong>A\u00c7O CARBONO\/RESINA 152MM 24\/34\/42 C\/ PROTETOR<\/p>\n<p><strong>C\u00c2MBIO TRASEIRO: <\/strong>SHIMANO RD-TZ31 7V<\/p>\n<p><strong>C\u00c2MBIO DIANTEIRO:<\/strong> Index 3V<\/p>\n<p><strong>CATRACA: <\/strong>13-28d 7V<\/p>\n<p><strong>CORRRENTE: <\/strong>DAYA TB-50 1\/2*3\/32 I 106 LINKS<\/p>\n<p><strong>ALAVANCA DE FREIO:\u00a0<\/strong>ALUM\u00cdNIO NYLON AT-M100 INTEGRADO<\/p>\n<p><strong>FREIO:\u00a0<\/strong>V-BRAKE<\/p>\n<p><strong>MOVIMENTO CENTRAL:\u00a0<\/strong>A\u00c7O 5 PE\u00c7AS<\/p>\n<p><strong>CUBOS:\u00a0<\/strong>A\u00c7O<\/p>\n<p><strong>RAIOS: <\/strong>A\u00c7O PRETO<\/p>\n<p><strong>AROS:\u00a0<\/strong>ALUM\u00cdNIO<\/p>\n<p><strong>GUID\u00c3O: <\/strong>\u00a0A\u00c7O CARBONO\u00a0560MM<\/p>\n<p><strong>MESA: <\/strong>A\u00c7O CARBONO<\/p>\n<p><strong>CANOTE:\u00a0<\/strong>GROOVE A\u00c7O CARBONO 25.4<\/p>\n<p><strong>ABRA\u00c7ADEIRA DE SELIM:\u00a0<\/strong>INTEGRADA<\/p>\n<p><strong>SELIM:\u00a0<\/strong>GROOVE<\/p>\n<p><strong>PNEU:\u00a0<\/strong>CHAOYANG MTB 24<\/p>\n<p><strong>PESO:\u00a0<\/strong>12,6KG<\/p>\n","protected":false},"excerpt":{"rendered":"<p><a href=\"https:\/\/regisbike.com.br\/wp-content\/uploads\/2025\/09\/Ragga-24-.png\"><img decoding=\"async\" loading=\"lazy\" class=\"alignnone size-full wp-image-3255\" src=\"https:\/\/regisbike.com.br\/wp-content\/uploads\/2025\/09\/Ragga-24-.png\" alt=\"\" width=\"274\" height=\"30\" \/><\/a><\/p>\n<p><strong>A Ragga 24 \u00e9 uma mountain bike infanto-juvenil, para crian\u00e7as de 08 a 12 anos e com altura de 1,35 a 1,55. Projetada para encarar muitos terrenos, vem equipada com transmiss\u00e3o de 21 velocidades Shimano e pneus Chaoyang. Alavanca de freio adequada ao tamanho da crian\u00e7a. Isso tudo permite que seu filho tenha liberdade em suas aventuras.<\/strong><\/p>\n","protected":false},"featured_media":3251,"comment_status":"open","ping_status":"closed","template":"","meta":[],"product_cat":[58,60],"product_tag":[],"_links":{"self":[{"href":"https:\/\/regisbike.com.br\/index.php?rest_route=\/wp\/v2\/product\/3250"}],"collection":[{"href":"https:\/\/regisbike.com.br\/index.php?rest_route=\/wp\/v2\/product"}],"about":[{"href":"https:\/\/regisbike.com.br\/index.php?rest_route=\/wp\/v2\/types\/product"}],"replies":[{"embeddable":true,"href":"https:\/\/regisbike.com.br\/index.php?rest_route=%2Fwp%2Fv2%2Fcomments&post=3250"}],"wp:featuredmedia":[{"embeddable":true,"href":"https:\/\/regisbike.com.br\/index.php?rest_route=\/wp\/v2\/media\/3251"}],"wp:attachment":[{"href":"https:\/\/regisbike.com.br\/index.php?rest_route=%2Fwp%2Fv2%2Fmedia&parent=3250"}],"wp:term":[{"taxonomy":"product_cat","embeddable":true,"href":"https:\/\/regisbike.com.br\/index.php?rest_route=%2Fwp%2Fv2%2Fproduct_cat&post=3250"},{"taxonomy":"product_tag","embeddable":true,"href":"https:\/\/regisbike.com.br\/index.php?rest_route=%2Fwp%2Fv2%2Fproduct_tag&post=3250"}],"curies":[{"name":"wp","href":"https:\/\/api.w.org\/{rel}","templated":true}]}}