{"id":3288,"date":"2025-09-15T10:13:25","date_gmt":"2025-09-15T13:13:25","guid":{"rendered":"https:\/\/regisbike.com.br\/?post_type=product&#038;p=3288"},"modified":"2025-09-15T10:13:25","modified_gmt":"2025-09-15T13:13:25","slug":"bicicleta-groove-overdrive-70-10v-shimano-tiagra","status":"publish","type":"product","link":"https:\/\/regisbike.com.br\/?product=bicicleta-groove-overdrive-70-10v-shimano-tiagra","title":{"rendered":"BICICLETA GROOVE OVERDRIVE 70 10V SHIMANO TIAGRA"},"content":{"rendered":"<table width=\"0\">\n<tbody>\n<tr>\n<td width=\"320\"><strong>TAMANHOS<\/strong><\/td>\n<td>PP (48) &#8211; P(51) &#8211; M(54) &#8211; G(56) \/ 700C<\/td>\n<\/tr>\n<tr>\n<td width=\"320\"><strong>COR<\/strong><\/td>\n<td>VERMELHO\/AZUL<\/td>\n<\/tr>\n<tr>\n<td width=\"320\"><strong>QUADRO<\/strong><\/td>\n<td>GROOVE X-LITE ALUM\u00cdNIO CABEAMENTO INTERNO TAPERED GARANTIA VITAL\u00cdCIA LIMITADA*<\/td>\n<\/tr>\n<tr>\n<td width=\"320\"><strong>SUSPENS\u00c3O<\/strong><\/td>\n<td>GARFO GROOVE CARBONO DISC FLAT MOUNT<\/td>\n<\/tr>\n<tr>\n<td width=\"320\"><strong>TROCADOR<\/strong><\/td>\n<td>SHIMANO TIAGRA ST-4720<\/td>\n<\/tr>\n<tr>\n<td width=\"320\"><strong>C\u00c2MBIO TRASEIRO<\/strong><\/td>\n<td>SHIMANO TIAGRA RD-4700<\/td>\n<\/tr>\n<tr>\n<td width=\"320\"><strong>C\u00c2MBIO DIANTEIRO<\/strong><\/td>\n<td>SHIMANO TIAGRA FD-4700<\/td>\n<\/tr>\n<tr>\n<td width=\"320\"><strong>PEDIVELA<\/strong><\/td>\n<td>SHIMANO TIAGRA FC-4700 52-36T (PP (48) 170MM) I (P(51) &#8211; M(54) 172.5) I (G(56) 175MM)<\/td>\n<\/tr>\n<tr>\n<td width=\"320\"><strong>CASSETE OU RODA LIVRE<\/strong><\/td>\n<td>SHIMANO CS-HG500 10V 12-28T<\/td>\n<\/tr>\n<tr>\n<td width=\"320\"><strong>CORRENTE<\/strong><\/td>\n<td>SHIMANO CN-HG54 10V<\/td>\n<\/tr>\n<tr>\n<td width=\"320\"><strong>ALAVANCA DE FREIO<\/strong><\/td>\n<td>SHIMANO TIAGRA ST-4720<\/td>\n<\/tr>\n<tr>\n<td width=\"320\"><strong>FREIO<\/strong><\/td>\n<td>SHIMANO HIDR\u00c1ULICO BR-4770 ROTOR SHIMANO SM-RT54 160MM<\/td>\n<\/tr>\n<tr>\n<td width=\"320\"><strong>MOVIMENTO CENTRAL<\/strong><\/td>\n<td>SHIMANO INTEGRADO (2 PIECES CRANK)<\/td>\n<\/tr>\n<tr>\n<td width=\"320\"><strong>CUBOS<\/strong><\/td>\n<td>DIANTEIRO: SHIMANO HB-RM35 &#8211; TRASEIRO: SHIMANO FH-RM35<\/td>\n<\/tr>\n<tr>\n<td width=\"320\"><strong>RAIOS<\/strong><\/td>\n<td>INOX PRETO<\/td>\n<\/tr>\n<tr>\n<td width=\"320\"><strong>AROS<\/strong><\/td>\n<td>GROOVE ROAD ALUM\u00cdNIO PAREDE DUPLA AERO 32F<\/td>\n<\/tr>\n<tr>\n<td width=\"320\"><strong>GUID\u00c3O<\/strong><\/td>\n<td>GROOVE ALUM\u00cdNIO 31.8 &#8211; PP (48) &#8211; P(51) 420MM I M(54) &#8211; G(56) 440MM<\/td>\n<\/tr>\n<tr>\n<td width=\"320\"><strong>MESA<\/strong><\/td>\n<td>GROOVE ALUM\u00cdNIO 31.8MM &#8211; PP (48) 80MM I P(51) 90MM I M(54) &#8211; G(56) 100MM<\/td>\n<\/tr>\n<tr>\n<td width=\"320\"><strong>CANOTE<\/strong><\/td>\n<td>GROOVE ALUM\u00cdNIO 30.9MM<\/td>\n<\/tr>\n<tr>\n<td width=\"320\"><strong>ABRA\u00c7ADEIRA DE SELIM<\/strong><\/td>\n<td>GROOVE ALUM\u00cdNIO 35MM PROMAX<\/td>\n<\/tr>\n<tr>\n<td width=\"320\"><strong>SELIM<\/strong><\/td>\n<td>GROOVE<\/td>\n<\/tr>\n<tr>\n<td width=\"320\"><strong>PNEU<\/strong><\/td>\n<td>VITTORIA ZAFFIRO PRO V 28C<\/td>\n<\/tr>\n<tr>\n<td width=\"320\"><strong>PESO<\/strong><\/td>\n<td>9.6 KG<\/td>\n<\/tr>\n<tr>\n<td width=\"320\"><strong>GARANTIA QUADRO<\/strong><\/td>\n<td>Vital\u00edcia Limitada* primeiro dono conforme manual e procedimento Groove &#8211; Garfo Carbono 02 anos<\/td>\n<\/tr>\n<tr>\n<td width=\"320\"><strong>GARANTIA COMPONENTES<\/strong><\/td>\n<td>06 Meses<\/td>\n<\/tr>\n<\/tbody>\n<\/table>\n<p>&nbsp;<\/p>\n","protected":false},"excerpt":{"rendered":"<p>A bicicleta speed\u00a0<strong>Groove Overdrive 70 20v<\/strong>\u00a0foi projetada para voc\u00ea que procura realizar\u00a0<strong>treinos eficientes<\/strong>\u00a0e com\u00a0<strong>mais precis\u00e3o<\/strong>. Uma bike que est\u00e1 preparada para o ciclista que \u00e9 aficionado por velocidade nas ruas e estradas.<\/p>\n<p>A bicicleta speed\u00a0<strong>Groove Overdrive 70 20v<\/strong>\u00a0\u00e9 equipada com os melhores componentes do mercado. A\u00a0<strong>Shimano<\/strong>, uma<strong>\u00a0marca mundial<\/strong>\u00a0em componentes para bicicletas, faz da Overdrive 70 uma bike completa com o\u00a0<strong>Selo Ouro de Qualidade e Confian\u00e7a<\/strong>.<\/p>\n<h4><strong>Quadro da bike: garantia e detalhes<\/strong><\/h4>\n<p>O quadro da bike de speed Groove Overdrive 70 \u00e9 produzido em alum\u00ednio, com caixa de dire\u00e7\u00e3o\u00a0<strong>Tapered<\/strong>, cabeamento interno e possui\u00a0<strong>Garantia Vital\u00edcia Limitada<\/strong>\u00a0ao primeiro propriet\u00e1rio da bicicleta.\u00a0<a href=\"https:\/\/groovebikes.com.br\/termos-de-garantia\/\" target=\"_blank\" rel=\"noopener\">Clique aqui para saber mais sobre a Garantia Vital\u00edcia Limitada<\/a>\u00a0do quadro e sobre como validar. O garfo em fibra de carbono possui 2 anos de garantia e os demais componentes s\u00e3o 6 meses.<\/p>\n<h4><strong>Pneus: Os pneus Vittoria de alta qualidade de competi\u00e7\u00e3o equipa a linha Overdrive.<\/strong><\/h4>\n","protected":false},"featured_media":3295,"comment_status":"open","ping_status":"closed","template":"","meta":[],"product_cat":[58,124],"product_tag":[],"_links":{"self":[{"href":"https:\/\/regisbike.com.br\/index.php?rest_route=\/wp\/v2\/product\/3288"}],"collection":[{"href":"https:\/\/regisbike.com.br\/index.php?rest_route=\/wp\/v2\/product"}],"about":[{"href":"https:\/\/regisbike.com.br\/index.php?rest_route=\/wp\/v2\/types\/product"}],"replies":[{"embeddable":true,"href":"https:\/\/regisbike.com.br\/index.php?rest_route=%2Fwp%2Fv2%2Fcomments&post=3288"}],"wp:featuredmedia":[{"embeddable":true,"href":"https:\/\/regisbike.com.br\/index.php?rest_route=\/wp\/v2\/media\/3295"}],"wp:attachment":[{"href":"https:\/\/regisbike.com.br\/index.php?rest_route=%2Fwp%2Fv2%2Fmedia&parent=3288"}],"wp:term":[{"taxonomy":"product_cat","embeddable":true,"href":"https:\/\/regisbike.com.br\/index.php?rest_route=%2Fwp%2Fv2%2Fproduct_cat&post=3288"},{"taxonomy":"product_tag","embeddable":true,"href":"https:\/\/regisbike.com.br\/index.php?rest_route=%2Fwp%2Fv2%2Fproduct_tag&post=3288"}],"curies":[{"name":"wp","href":"https:\/\/api.w.org\/{rel}","templated":true}]}}