{"id":3365,"date":"2025-09-19T16:11:50","date_gmt":"2025-09-19T19:11:50","guid":{"rendered":"https:\/\/regisbike.com.br\/?post_type=product&#038;p=3365"},"modified":"2025-09-22T07:07:49","modified_gmt":"2025-09-22T10:07:49","slug":"bicicleta-groove-hype-70-27v","status":"publish","type":"product","link":"https:\/\/regisbike.com.br\/?product=bicicleta-groove-hype-70-27v","title":{"rendered":"BICICLETA GROOVE HYPE 70 27V"},"content":{"rendered":"<table width=\"0\">\n<tbody>\n<tr>\n<td width=\"320\"><strong>TAMANHOS<\/strong><\/td>\n<td>S (15) &#8211; M (17) &#8211; L (19) &#8211; XL (20.5) \/ 29ER<\/td>\n<\/tr>\n<tr>\n<td width=\"320\"><strong>COR<\/strong><\/td>\n<td>AZUL\/VERDE\/PRETO<\/td>\n<\/tr>\n<tr>\n<td width=\"320\"><strong>QUADRO<\/strong><\/td>\n<td>GROOVE ALUM\u00cdNIO CABEAMENTO INTERNO GARANTIA VITAL\u00cdCIA LTDA<\/td>\n<\/tr>\n<tr>\n<td width=\"320\"><strong>SUSPENS\u00c3O<\/strong><\/td>\n<td>GROOVE CROWN ALLOY<\/td>\n<\/tr>\n<tr>\n<td width=\"320\"><strong>TROCADOR<\/strong><\/td>\n<td>SHIMANO ST-EF505 3\/9V INTEGRADO<\/td>\n<\/tr>\n<tr>\n<td width=\"320\"><strong>C\u00c2MBIO TRASEIRO<\/strong><\/td>\n<td>SHIMANO ALTUS 9V RD-M2000<\/td>\n<\/tr>\n<tr>\n<td width=\"320\"><strong>C\u00c2MBIO DIANTEIRO<\/strong><\/td>\n<td>SHIMANO ALTUS 3V FD-M2000<\/td>\n<\/tr>\n<tr>\n<td width=\"320\"><strong>PEDIVELA<\/strong><\/td>\n<td>SHIMANO ALTUS 40\/30\/22T FC-M2000 OU FC-MT101 S (15) 170MM I M(17) &#8211; L (19) &#8211; XL (20.5) 175MM<\/td>\n<\/tr>\n<tr>\n<td width=\"320\"><strong>CASSETE OU RODA LIVRE<\/strong><\/td>\n<td>SHIMANO HG201-9 11-36D<\/td>\n<\/tr>\n<tr>\n<td width=\"320\"><strong>CORRENTE<\/strong><\/td>\n<td>SHIMANO CN-HG53<\/td>\n<\/tr>\n<tr>\n<td width=\"320\"><strong>ALAVANCA DE FREIO<\/strong><\/td>\n<td>SHIMANO HIDR\u00c1ULICO ST-EF505 INTEGRADO<\/td>\n<\/tr>\n<tr>\n<td width=\"320\"><strong>FREIO<\/strong><\/td>\n<td>SHIMANO HIDR\u00c1ULICO BR-MT200 ROTOR SHIMANO RT10 160MM CENTER LOCK<\/td>\n<\/tr>\n<tr>\n<td width=\"320\"><strong>MOVIMENTO CENTRAL<\/strong><\/td>\n<td>GROOVE SELADO &#8220;SMOOTH TUNING&#8221;<\/td>\n<\/tr>\n<tr>\n<td width=\"320\"><strong>CUBOS<\/strong><\/td>\n<td>SHIMANO TX505<\/td>\n<\/tr>\n<tr>\n<td width=\"320\"><strong>RAIOS<\/strong><\/td>\n<td>INOX PRETO<\/td>\n<\/tr>\n<tr>\n<td width=\"320\"><strong>AROS<\/strong><\/td>\n<td>GROOVE ALUM\u00cdNIO PAREDE DUPLA<\/td>\n<\/tr>\n<tr>\n<td width=\"320\"><strong>GUID\u00c3O<\/strong><\/td>\n<td>GROOVE ALUM\u00cdNIO 740X31.8MM BACKSWEEP 6\u00ba<\/td>\n<\/tr>\n<tr>\n<td width=\"320\"><strong>MESA<\/strong><\/td>\n<td>GROOVE ALUM\u00cdNIO 31.8MM (S-M) 75MM (L-XL) 90MM<\/td>\n<\/tr>\n<tr>\n<td width=\"320\"><strong>CANOTE<\/strong><\/td>\n<td>GROOVE ALUM\u00cdNIO 27.2MM<\/td>\n<\/tr>\n<tr>\n<td width=\"320\"><strong>ABRA\u00c7ADEIRA DE SELIM<\/strong><\/td>\n<td>GROOVE ALUM\u00cdNIO 31.8MM<\/td>\n<\/tr>\n<\/tbody>\n<\/table>\n","protected":false},"excerpt":{"rendered":"<p><a href=\"https:\/\/regisbike.com.br\/wp-content\/uploads\/2025\/09\/Hype-70-.png\"><img decoding=\"async\" loading=\"lazy\" class=\"alignnone size-full wp-image-3374\" src=\"https:\/\/regisbike.com.br\/wp-content\/uploads\/2025\/09\/Hype-70-.png\" alt=\"\" width=\"293\" height=\"30\" \/><\/a><\/p>\n<p>A bike\u00a0<strong>Groove Hype 70<\/strong>\u00a0aro 29 \u00e9 uma mountain bike para o ciclista que deseja\u00a0<strong>desbravar o mundo do mtb<\/strong>, superar seus limites em um novo esporte com um novo desafio.<\/p>\n<p>A bicicleta\u00a0<strong>Groove Hype 70<\/strong>\u00a0\u00e9 equipada com os melhores componentes do mercado. A\u00a0<strong>Shimano<\/strong>, uma marca mundial em componentes para bicicletas, faz da Hype 70 uma bike completa com o\u00a0<strong>Selo Ouro de Qualidade e Confian\u00e7a<\/strong>.<\/p>\n<p>&nbsp;<\/p>\n<h4><strong>Componentes Shimano<\/strong><\/h4>\n<p>C\u00e2mbio traseiro\u00a0<strong>Shimano Altus<\/strong>\u00a0de 9 velocidades e c\u00e2mbio dianteiro tamb\u00e9m Shimano Altus de 3 velocidades deixa a Groove Hype 70 com\u00a0<strong>27 marchas<\/strong>\u00a0para voc\u00ea desfrutar do seu mountain bike com muito conforto.<\/p>\n<p><strong>Freios a disco Shimano hidr\u00e1ulico<\/strong>\u00a0proporciona uma frenagem mais segura e confiante.<\/p>\n<p>&nbsp;<\/p>\n<h4><strong>Cockpit<\/strong><\/h4>\n<p>O novo cockpit da bicicleta Groove Hype 70 com\u00a0<strong>guid\u00e3o de 740mm<\/strong>\u00a0oferece mais conforto durante sua pedalada. A\u00a0<strong>suspens\u00e3o<\/strong>\u00a0Groove\u00a0<strong>com trava no guid\u00e3o<\/strong>\u00a0proporciona praticidade em suas trilhas.<\/p>\n<p>O pedivela e a mesa da bicicleta s\u00e3o de acordo com o tamanho do quadro, para melhor adapta\u00e7\u00e3o do ciclista sob a bike.<\/p>\n<p>&nbsp;<\/p>\n<h4><strong>Quadro da bike: garantia e detalhes<\/strong><\/h4>\n<p>O quadro da bike Groove Hype 70 \u00e9 em alum\u00ednio, com cabeamento interno e possui\u00a0<strong>Garantia Vital\u00edcia Limitada<\/strong>\u00a0ao primeiro propriet\u00e1rio da bicicleta.\u00a0<a href=\"https:\/\/groovebikes.com.br\/termos-de-garantia\/\" target=\"_blank\" rel=\"noopener\">Clique aqui para saber mais sobre a Garantia Vital\u00edcia Limitada<\/a>\u00a0do quadro e sobre como validar. Os demais componentes possuem 6 meses de garantia.<\/p>\n<p>O\u00a0<strong>cabeamento interno<\/strong>\u00a0do quadro deixa a sua bike com muito mais estilo e conforto, por n\u00e3o ter os cabos \u00e0 mostra e possivelmente atrapalhando durante os seus passeios com a turma do pedal.<\/p>\n<p>&nbsp;<\/p>\n<h4><strong>Disponibilidade da Groove Hype 70 27 marchas<\/strong><\/h4>\n<p>A Hype 70 \u00e9 comercializada em 4 tamanhos: S (15) \u2013 M (17) \u2013 L (19) \u2013 XL (20.5) com pneus Chaoyang Zippering aro 29 e pesa aproximadamente 15kg.<\/p>\n<p>\u00c9 uma bicicleta que j\u00e1 vem pronta para as trilhas do dia-a-dia!<\/p>\n","protected":false},"featured_media":3375,"comment_status":"open","ping_status":"closed","template":"","meta":[],"product_cat":[58,61],"product_tag":[],"_links":{"self":[{"href":"https:\/\/regisbike.com.br\/index.php?rest_route=\/wp\/v2\/product\/3365"}],"collection":[{"href":"https:\/\/regisbike.com.br\/index.php?rest_route=\/wp\/v2\/product"}],"about":[{"href":"https:\/\/regisbike.com.br\/index.php?rest_route=\/wp\/v2\/types\/product"}],"replies":[{"embeddable":true,"href":"https:\/\/regisbike.com.br\/index.php?rest_route=%2Fwp%2Fv2%2Fcomments&post=3365"}],"wp:featuredmedia":[{"embeddable":true,"href":"https:\/\/regisbike.com.br\/index.php?rest_route=\/wp\/v2\/media\/3375"}],"wp:attachment":[{"href":"https:\/\/regisbike.com.br\/index.php?rest_route=%2Fwp%2Fv2%2Fmedia&parent=3365"}],"wp:term":[{"taxonomy":"product_cat","embeddable":true,"href":"https:\/\/regisbike.com.br\/index.php?rest_route=%2Fwp%2Fv2%2Fproduct_cat&post=3365"},{"taxonomy":"product_tag","embeddable":true,"href":"https:\/\/regisbike.com.br\/index.php?rest_route=%2Fwp%2Fv2%2Fproduct_tag&post=3365"}],"curies":[{"name":"wp","href":"https:\/\/api.w.org\/{rel}","templated":true}]}}