{"id":3397,"date":"2025-09-19T16:24:29","date_gmt":"2025-09-19T19:24:29","guid":{"rendered":"https:\/\/regisbike.com.br\/?post_type=product&#038;p=3397"},"modified":"2025-10-24T18:35:56","modified_gmt":"2025-10-24T21:35:56","slug":"bicicleta-groove-ska-70-1-12v","status":"publish","type":"product","link":"https:\/\/regisbike.com.br\/?product=bicicleta-groove-ska-70-1-12v","title":{"rendered":"BICICLETA GROOVE SKA 70.1 12V"},"content":{"rendered":"<table width=\"0\">\n<tbody>\n<tr>\n<td width=\"320\"><strong>TAMANHOS<\/strong><\/td>\n<td>S (15) &#8211; M (17) &#8211; L (19) &#8211; XL (20.5) \/ 29ER<\/td>\n<\/tr>\n<tr>\n<td width=\"320\"><strong>COR<\/strong><\/td>\n<td>AZUL &#8211; DOURADO\/VERDE<\/td>\n<\/tr>\n<tr>\n<td width=\"320\"><strong>QUADRO<\/strong><\/td>\n<td>GROOVE ALUM\u00cdNIO CABEAMENTO INTERNO TAPERED GARANTIA VITAL\u00cdCIA LIMITADA (MANUAL)<\/td>\n<\/tr>\n<tr>\n<td width=\"320\"><strong>SUSPENS\u00c3O<\/strong><\/td>\n<td>GROOVE CROWN ALLOY TAPERED AIR COM TRAVA NO GUID\u00c3O<\/td>\n<\/tr>\n<tr>\n<td width=\"320\"><strong>TROCADOR<\/strong><\/td>\n<td>SRAM SX EAGLE 12V<\/td>\n<\/tr>\n<tr>\n<td width=\"320\"><strong>C\u00c2MBIO TRASEIRO<\/strong><\/td>\n<td>SRAM SX EAGLE 12V<\/td>\n<\/tr>\n<tr>\n<td width=\"320\"><strong>C\u00c2MBIO DIANTEIRO<\/strong><\/td>\n<td>&#8211;<\/td>\n<\/tr>\n<tr>\n<td width=\"320\"><strong>PEDIVELA<\/strong><\/td>\n<td>SRAM SX EAGLE 32D S (15) 170MM I M (17) &#8211; L (19) &#8211; XL (20.5) 175MM<\/td>\n<\/tr>\n<tr>\n<td width=\"320\"><strong>CASSETE OU RODA LIVRE<\/strong><\/td>\n<td>SRAM EAGLE 12V 11-50D<\/td>\n<\/tr>\n<tr>\n<td width=\"320\"><strong>CORRENTE<\/strong><\/td>\n<td>SRAM SX EAGLE<\/td>\n<\/tr>\n<tr>\n<td width=\"320\"><strong>ALAVANCA DE FREIO<\/strong><\/td>\n<td>SHIMANO HIDR\u00c1ULICO BL-MT200<\/td>\n<\/tr>\n<tr>\n<td width=\"320\"><strong>FREIO<\/strong><\/td>\n<td>SHIMANO HIDR\u00c1ULICO BR-MT200 ROTOR SHIMANO RT10 160MM CENTER LOCK<\/td>\n<\/tr>\n<tr>\n<td width=\"320\"><strong>MOVIMENTO CENTRAL<\/strong><\/td>\n<td>SRAM BB POWER SPLINE<\/td>\n<\/tr>\n<tr>\n<td width=\"320\"><strong>CUBOS<\/strong><\/td>\n<td>DIANTEIRO: SHIMANO HB-TX505 &#8211; TRASEIRO: SHIMANO FH-TX505<\/td>\n<\/tr>\n<tr>\n<td width=\"320\"><strong>RAIOS<\/strong><\/td>\n<td>INOX PRETO<\/td>\n<\/tr>\n<tr>\n<td width=\"320\"><strong>AROS<\/strong><\/td>\n<td>GROOVE TEC ALUM\u00cdNIO, TUBELESS READY, PAREDE DUPLA 32F<\/td>\n<\/tr>\n<tr>\n<td width=\"320\"><strong>GUID\u00c3O<\/strong><\/td>\n<td>GROOVE TEC X-LITE 740X31.8MM BACKSWEEP 9\u00b0<\/td>\n<\/tr>\n<tr>\n<td width=\"320\"><strong>MESA<\/strong><\/td>\n<td>GROOVE TEC X-LITE (S-M) 80MM (L-XL) 90MM<\/td>\n<\/tr>\n<tr>\n<td width=\"320\"><strong>CANOTE<\/strong><\/td>\n<td>GROOVE ALUM\u00cdNIO 27.2MM<\/td>\n<\/tr>\n<tr>\n<td width=\"320\"><strong>ABRA\u00c7ADEIRA DE SELIM<\/strong><\/td>\n<td>BLOCAGEM QUICK REALESE<\/td>\n<\/tr>\n<tr>\n<td width=\"320\"><strong>SELIM<\/strong><\/td>\n<td>GROOVE ALUM\u00cdNIO 31.8MM<\/td>\n<\/tr>\n<tr>\n<td width=\"320\"><strong>PNEU<\/strong><\/td>\n<td>VITTORIA BARZO ARAME 29X2.25<\/td>\n<\/tr>\n<tr>\n<td width=\"320\"><strong>PESO<\/strong><\/td>\n<td>13.2 KG<\/td>\n<\/tr>\n<tr>\n<td width=\"320\"><strong>GARANTIA QUADRO<\/strong><\/td>\n<td>06 MESES GARANTIA LEGAL &#8211; GANHE GARANTIA VITAL\u00cdCIA LIMITADA GROOVE &#8211; LER MANUAL E REGISTRAR<\/td>\n<\/tr>\n<tr>\n<td width=\"320\"><strong>GARANTIA COMPONENTES<\/strong><\/td>\n<td>06 MESES<\/td>\n<\/tr>\n<\/tbody>\n<\/table>\n","protected":false},"excerpt":{"rendered":"<p><a href=\"https:\/\/regisbike.com.br\/wp-content\/uploads\/2025\/09\/SKA-70-1.jpg\"><img decoding=\"async\" loading=\"lazy\" class=\"alignnone size-full wp-image-3400\" src=\"https:\/\/regisbike.com.br\/wp-content\/uploads\/2025\/09\/SKA-70-1.jpg\" alt=\"\" width=\"151\" height=\"19\" \/><\/a><\/p>\n<p>Voc\u00ea est\u00e1 querendo\u00a0<strong>subir de n\u00edvel<\/strong>\u00a0nos seus pedais e acompanhar os amigos nas melhores trilhas e passeios da sua cidade? Ou at\u00e9 mesmo come\u00e7ar a\u00a0<strong>competir as provas<\/strong>\u00a0da sua regi\u00e3o?<\/p>\n<p>A bicicleta mountain bike\u00a0<strong>Groove SKA 70.1<\/strong>\u00a0de 12 velocidades \u00e9 ideal para voc\u00ea encarar qualquer desafio e superar seus limites.<\/p>\n<p>A Groove SKA 70 \u00e9 equipada com os melhores componentes do mercado, com marcas de renome mundial como a\u00a0<strong>Sram<\/strong>\u00a0e a\u00a0<strong>Vittoria<\/strong>.<\/p>\n<p>&nbsp;<\/p>\n<p><strong>Componentes<\/strong><\/p>\n<p>Transmiss\u00e3o\u00a0<strong>100% Sram<\/strong>\u00a0com c\u00e2mbio traseiro\u00a0<strong>SX Eagle<\/strong>\u00a0de\u00a0<strong>12 velocidades<\/strong>, cassete e corrente da mesma linha, e pedivela SX Eagle de 32 dentes com bra\u00e7o de acordo com o tamanho do quadro, para melhor adapta\u00e7\u00e3o do atleta sob a bike.<\/p>\n<p>Os\u00a0<strong>freios Shimano a disco hidr\u00e1ulico<\/strong>\u00a0proporcionam uma frenagem mais segura e confiante durante seus treinos e competi\u00e7\u00f5es.<\/p>\n<p>A bicicleta\u00a0<strong>Groove SKA 70.1<\/strong>\u00a0vem equipada com o novo cockpit\u00a0<strong>Groove Technic<\/strong>, guid\u00e3o de 740\u00d731.8mm e Backsweep de 9\u00ba que oferecem mais conforto durante sua pedalada. A\u00a0<strong>suspens\u00e3o<\/strong>\u00a0Groove crown Alloy\u00a0<strong>Tapered AIR<\/strong>\u00a0com trava no guid\u00e3o proporciona mais suavidade, leveza e praticidade para voc\u00ea.<\/p>\n<p>&nbsp;<\/p>\n<p><strong>Quadro da bike: garantia e detalhes<\/strong><\/p>\n<p>O quadro da bike\u00a0<strong>Groove SKA 70.1<\/strong>\u00a0\u00e9 produzido em alum\u00ednio, com cabeamento interno, caixa de dire\u00e7\u00e3o\u00a0<strong>Tapered<\/strong>\u00a0e possui\u00a0<strong>Garantia Vital\u00edcia Limitada<\/strong>\u00a0ao primeiro propriet\u00e1rio da bicicleta.\u00a0<a href=\"https:\/\/groovebikes.com.br\/termos-de-garantia\/\">Clique aqui para saber mais sobre a Garantia Vital\u00edcia Limitada<\/a>\u00a0do quadro e sobre como validar. Os demais componentes possuem 6 meses de garantia.<\/p>\n<p>O\u00a0<strong>cabeamento interno<\/strong>\u00a0do quadro deixa a sua bike com muito mais estilo e conforto, por n\u00e3o ter os cabos \u00e0 mostra e possivelmente atrapalhando durante os seus passeios com a turma do pedal, treinos, ou at\u00e9 mesmo em suas competi\u00e7\u00f5es.<\/p>\n<p>A\u00a0<strong>SKA 70.1<\/strong>\u00a0\u00e9 comercializada em 4 tamanhos: S (15) \u2013 M (17) \u2013 L (19) \u2013 XL (20.5) com pneus Vittoria Barzo MTB 29 x 2.20 com aro de aluminio Tubeless Ready e pesa aproximadamente\u00a0<strong>13.2kg<\/strong>.C<\/p>\n","protected":false},"featured_media":3399,"comment_status":"open","ping_status":"closed","template":"","meta":[],"product_cat":[58,61],"product_tag":[],"_links":{"self":[{"href":"https:\/\/regisbike.com.br\/index.php?rest_route=\/wp\/v2\/product\/3397"}],"collection":[{"href":"https:\/\/regisbike.com.br\/index.php?rest_route=\/wp\/v2\/product"}],"about":[{"href":"https:\/\/regisbike.com.br\/index.php?rest_route=\/wp\/v2\/types\/product"}],"replies":[{"embeddable":true,"href":"https:\/\/regisbike.com.br\/index.php?rest_route=%2Fwp%2Fv2%2Fcomments&post=3397"}],"wp:featuredmedia":[{"embeddable":true,"href":"https:\/\/regisbike.com.br\/index.php?rest_route=\/wp\/v2\/media\/3399"}],"wp:attachment":[{"href":"https:\/\/regisbike.com.br\/index.php?rest_route=%2Fwp%2Fv2%2Fmedia&parent=3397"}],"wp:term":[{"taxonomy":"product_cat","embeddable":true,"href":"https:\/\/regisbike.com.br\/index.php?rest_route=%2Fwp%2Fv2%2Fproduct_cat&post=3397"},{"taxonomy":"product_tag","embeddable":true,"href":"https:\/\/regisbike.com.br\/index.php?rest_route=%2Fwp%2Fv2%2Fproduct_tag&post=3397"}],"curies":[{"name":"wp","href":"https:\/\/api.w.org\/{rel}","templated":true}]}}