{"id":832,"date":"2021-01-04T17:03:20","date_gmt":"2021-01-04T20:03:20","guid":{"rendered":"http:\/\/regisbike.com.br\/?post_type=product&#038;p=832"},"modified":"2022-12-11T16:47:48","modified_gmt":"2022-12-11T19:47:48","slug":"corrente-kmc-x8-8v-1-2x3-32-116l","status":"publish","type":"product","link":"https:\/\/regisbike.com.br\/?product=corrente-kmc-x8-8v-1-2x3-32-116l","title":{"rendered":"CORRENTE KMC X8 8V 1\/2X3\/32 116L"},"content":{"rendered":"<p>&#8211;<strong>Elos com liga\u00e7\u00f5es em X: Trocas de marcha mais suaves e r\u00e1pidas.<\/strong><br \/>\n&#8211;<strong>Elos com tratamento StretchProof (N\u00e3o se Esticam).<\/strong><br \/>\n&#8211;<strong>Platinada em n\u00edquel, movimenta\u00e7\u00e3o mais suave.<\/strong><br \/>\n&#8211;<strong>Platinada em n\u00edquel, tornando-a mas resistente.<\/strong><br \/>\n&#8211;<strong>Modalidades:<\/strong> MTB, Speed.<br \/>\n&#8211;<strong>Placa interna chanfrada.<\/strong><br \/>\n&#8211;<strong>8 Velocidades.<\/strong><br \/>\n&#8211;<strong>1\/2x 3\/32.<\/strong><br \/>\n&#8211;<strong>116 Elos.<\/strong><\/p>\n","protected":false},"excerpt":{"rendered":"<p>As Correntes KMC s\u00e3o conhecidas por sua resist\u00eancia, lhe trazendo mais confian\u00e7a na hora do seu pedal. A KMC X-8 conta com o sistema de elos em X, o que faz o giro da corrente ser mais suave e r\u00e1pido.<\/p>\n","protected":false},"featured_media":833,"comment_status":"open","ping_status":"closed","template":"","meta":[],"product_cat":[17,18],"product_tag":[],"_links":{"self":[{"href":"https:\/\/regisbike.com.br\/index.php?rest_route=\/wp\/v2\/product\/832"}],"collection":[{"href":"https:\/\/regisbike.com.br\/index.php?rest_route=\/wp\/v2\/product"}],"about":[{"href":"https:\/\/regisbike.com.br\/index.php?rest_route=\/wp\/v2\/types\/product"}],"replies":[{"embeddable":true,"href":"https:\/\/regisbike.com.br\/index.php?rest_route=%2Fwp%2Fv2%2Fcomments&post=832"}],"wp:featuredmedia":[{"embeddable":true,"href":"https:\/\/regisbike.com.br\/index.php?rest_route=\/wp\/v2\/media\/833"}],"wp:attachment":[{"href":"https:\/\/regisbike.com.br\/index.php?rest_route=%2Fwp%2Fv2%2Fmedia&parent=832"}],"wp:term":[{"taxonomy":"product_cat","embeddable":true,"href":"https:\/\/regisbike.com.br\/index.php?rest_route=%2Fwp%2Fv2%2Fproduct_cat&post=832"},{"taxonomy":"product_tag","embeddable":true,"href":"https:\/\/regisbike.com.br\/index.php?rest_route=%2Fwp%2Fv2%2Fproduct_tag&post=832"}],"curies":[{"name":"wp","href":"https:\/\/api.w.org\/{rel}","templated":true}]}}