{"id":935,"date":"2021-01-13T14:23:25","date_gmt":"2021-01-13T17:23:25","guid":{"rendered":"http:\/\/regisbike.com.br\/?post_type=product&#038;p=935"},"modified":"2022-02-04T17:12:32","modified_gmt":"2022-02-04T20:12:32","slug":"capacete-uvex-quatro-xc-branco","status":"publish","type":"product","link":"https:\/\/regisbike.com.br\/?product=capacete-uvex-quatro-xc-branco","title":{"rendered":"CAPACETE UVEX QUATRO XC BRANCO"},"content":{"rendered":"<p style=\"text-align: center\"><strong>CAPACETE UVEX QUATRO XC<\/strong><\/p>\n<p><strong>Caracter\u00edsticas:<\/strong><br \/>\n<strong>&#8211; Tecnologia doble-inmold<\/strong><br \/>\n<strong>&#8211; Normas:<\/strong> EN1078 \/ TUV GS \/ CE<br \/>\n<strong>&#8211; Sistema de ajuste IAS<\/strong><br \/>\n<strong>&#8211; Sistema de correias FAS, com fecho monom\u00e1tico de Uvex<\/strong><br \/>\n<strong>&#8211; 17 aberturas de ventila\u00e7\u00e3o<\/strong><br \/>\n<strong>&#8211; Almofadas respir\u00e1veis<\/strong><br \/>\n<strong>&#8211; Inclui viseira destac\u00e1vel<\/strong><br \/>\n<strong>&#8211; Grade anti-insetos<\/strong><\/p>\n","protected":false},"excerpt":{"rendered":"<p>Uvex Quatro Xc \u00e9 significativamente mais leve. As almofadas de alta qualidade remov\u00edveis e lav\u00e1veis \u200b\u200btamb\u00e9m oferecem ventila\u00e7\u00e3o extra. O sistema Uvex Ias Fit torna a largura do capacete f\u00e1cil de ajustar.<\/p>\n","protected":false},"featured_media":936,"comment_status":"open","ping_status":"closed","template":"","meta":[],"product_cat":[64,68],"product_tag":[],"_links":{"self":[{"href":"https:\/\/regisbike.com.br\/index.php?rest_route=\/wp\/v2\/product\/935"}],"collection":[{"href":"https:\/\/regisbike.com.br\/index.php?rest_route=\/wp\/v2\/product"}],"about":[{"href":"https:\/\/regisbike.com.br\/index.php?rest_route=\/wp\/v2\/types\/product"}],"replies":[{"embeddable":true,"href":"https:\/\/regisbike.com.br\/index.php?rest_route=%2Fwp%2Fv2%2Fcomments&post=935"}],"wp:featuredmedia":[{"embeddable":true,"href":"https:\/\/regisbike.com.br\/index.php?rest_route=\/wp\/v2\/media\/936"}],"wp:attachment":[{"href":"https:\/\/regisbike.com.br\/index.php?rest_route=%2Fwp%2Fv2%2Fmedia&parent=935"}],"wp:term":[{"taxonomy":"product_cat","embeddable":true,"href":"https:\/\/regisbike.com.br\/index.php?rest_route=%2Fwp%2Fv2%2Fproduct_cat&post=935"},{"taxonomy":"product_tag","embeddable":true,"href":"https:\/\/regisbike.com.br\/index.php?rest_route=%2Fwp%2Fv2%2Fproduct_tag&post=935"}],"curies":[{"name":"wp","href":"https:\/\/api.w.org\/{rel}","templated":true}]}}