{"id":984,"date":"2021-02-01T14:15:31","date_gmt":"2021-02-01T17:15:31","guid":{"rendered":"http:\/\/regisbike.com.br\/?post_type=product&#038;p=984"},"modified":"2022-02-04T17:04:28","modified_gmt":"2022-02-04T20:04:28","slug":"bretelle-ciclismo-feminino-barbedo","status":"publish","type":"product","link":"https:\/\/regisbike.com.br\/?product=bretelle-ciclismo-feminino-barbedo","title":{"rendered":"BRETELLE CICLISMO BARBEDO FEMININO ( P )"},"content":{"rendered":"<p style=\"text-align: center\"><b>BRETELLE DE CICLISMO BARBEDO<\/b><\/p>\n<p>Tecnologia COOLMAX para manter uma temperatura amena e evitar o suor. Tamb\u00e9m ajuda a esquentar em dias de frio!<\/p>\n<p>O produto pode apresentar pequena varia\u00e7\u00e3o de cor em rela\u00e7\u00e3o a imagem apresentada nas fotos, em fun\u00e7\u00e3o da incid\u00eancia da luz.<\/p>\n","protected":false},"excerpt":{"rendered":"<p>BRETELLE DE CICLISMO BARBEDO Tecnologia COOLMAX para manter uma temperatura amena e evitar o suor. Tamb\u00e9m ajuda a esquentar em dias de frio! O produto pode apresentar pequena varia\u00e7\u00e3o de cor em rela\u00e7\u00e3o a imagem apresentada nas fotos, em fun\u00e7\u00e3o da incid\u00eancia da luz.<\/p>\n","protected":false},"featured_media":989,"comment_status":"open","ping_status":"closed","template":"","meta":[],"product_cat":[64,66],"product_tag":[],"_links":{"self":[{"href":"https:\/\/regisbike.com.br\/index.php?rest_route=\/wp\/v2\/product\/984"}],"collection":[{"href":"https:\/\/regisbike.com.br\/index.php?rest_route=\/wp\/v2\/product"}],"about":[{"href":"https:\/\/regisbike.com.br\/index.php?rest_route=\/wp\/v2\/types\/product"}],"replies":[{"embeddable":true,"href":"https:\/\/regisbike.com.br\/index.php?rest_route=%2Fwp%2Fv2%2Fcomments&post=984"}],"wp:featuredmedia":[{"embeddable":true,"href":"https:\/\/regisbike.com.br\/index.php?rest_route=\/wp\/v2\/media\/989"}],"wp:attachment":[{"href":"https:\/\/regisbike.com.br\/index.php?rest_route=%2Fwp%2Fv2%2Fmedia&parent=984"}],"wp:term":[{"taxonomy":"product_cat","embeddable":true,"href":"https:\/\/regisbike.com.br\/index.php?rest_route=%2Fwp%2Fv2%2Fproduct_cat&post=984"},{"taxonomy":"product_tag","embeddable":true,"href":"https:\/\/regisbike.com.br\/index.php?rest_route=%2Fwp%2Fv2%2Fproduct_tag&post=984"}],"curies":[{"name":"wp","href":"https:\/\/api.w.org\/{rel}","templated":true}]}}